Last updated on 2025-10-22 05:51:32 CEST.
Flavor | Version | Tinstall | Tcheck | Ttotal | Status | Flags |
---|---|---|---|---|---|---|
r-devel-linux-x86_64-debian-clang | 0.3.6 | 4.18 | 68.71 | 72.89 | NOTE | |
r-devel-linux-x86_64-debian-gcc | 0.3.6 | 2.84 | 50.34 | 53.18 | NOTE | |
r-devel-linux-x86_64-fedora-clang | 0.3.6 | 22.00 | 92.23 | 114.23 | OK | |
r-devel-linux-x86_64-fedora-gcc | 0.3.6 | 121.40 | OK | |||
r-devel-windows-x86_64 | 0.3.6 | 7.00 | 89.00 | 96.00 | OK | |
r-patched-linux-x86_64 | 0.3.6 | 3.88 | 65.38 | 69.26 | OK | |
r-release-linux-x86_64 | 0.3.6 | 4.28 | 64.86 | 69.14 | OK | |
r-release-macos-arm64 | 0.3.6 | 2.00 | 36.00 | 38.00 | OK | |
r-release-macos-x86_64 | 0.3.6 | 4.00 | 72.00 | 76.00 | OK | |
r-release-windows-x86_64 | 0.3.6 | 7.00 | 91.00 | 98.00 | OK | |
r-oldrel-macos-arm64 | 0.3.6 | 2.00 | 34.00 | 36.00 | OK | |
r-oldrel-macos-x86_64 | 0.3.6 | 3.00 | 51.00 | 54.00 | OK | |
r-oldrel-windows-x86_64 | 0.3.6 | 8.00 | 107.00 | 115.00 | OK |
Version: 0.3.6
Check: CRAN incoming feasibility
Result: NOTE
Maintainer: ‘Tomas Hovorka <tomashovorka@seznam.cz>’
No Authors@R field in DESCRIPTION.
Please add one, modifying
Authors@R: person(given = "Tomas",
family = "Hovorka",
role = c("aut", "cre"),
email = "tomashovorka@seznam.cz")
as necessary.
Flavors: r-devel-linux-x86_64-debian-clang, r-devel-linux-x86_64-debian-gcc