CRAN Package Check Results for Package WordR

Last updated on 2025-07-21 08:50:22 CEST.

Flavor Version Tinstall Tcheck Ttotal Status Flags
r-devel-linux-x86_64-debian-clang 0.3.6 4.88 64.72 69.60 NOTE
r-devel-linux-x86_64-debian-gcc 0.3.6 3.10 47.35 50.45 NOTE
r-devel-linux-x86_64-fedora-clang 0.3.6 108.28 OK
r-devel-linux-x86_64-fedora-gcc 0.3.6 115.49 OK
r-devel-windows-x86_64 0.3.6 7.00 85.00 92.00 OK
r-patched-linux-x86_64 0.3.6 4.45 61.33 65.78 OK
r-release-linux-x86_64 0.3.6 4.46 61.27 65.73 OK
r-release-macos-arm64 0.3.6 38.00 OK
r-release-macos-x86_64 0.3.6 76.00 OK
r-release-windows-x86_64 0.3.6 6.00 87.00 93.00 OK
r-oldrel-macos-arm64 0.3.6 36.00 OK
r-oldrel-macos-x86_64 0.3.6 54.00 OK
r-oldrel-windows-x86_64 0.3.6 8.00 104.00 112.00 OK

Check Details

Version: 0.3.6
Check: CRAN incoming feasibility
Result: NOTE Maintainer: ‘Tomas Hovorka <tomashovorka@seznam.cz>’ No Authors@R field in DESCRIPTION. Please add one, modifying Authors@R: person(given = "Tomas", family = "Hovorka", role = c("aut", "cre"), email = "tomashovorka@seznam.cz") as necessary. Flavors: r-devel-linux-x86_64-debian-clang, r-devel-linux-x86_64-debian-gcc