Last updated on 2025-10-24 04:51:17 CEST.
| Flavor | Version | Tinstall | Tcheck | Ttotal | Status | Flags |
|---|---|---|---|---|---|---|
| r-devel-linux-x86_64-debian-clang | 1.1 | 3.01 | 27.33 | 30.34 | OK | |
| r-devel-linux-x86_64-debian-gcc | 1.1 | 2.20 | 20.98 | 23.18 | OK | |
| r-devel-linux-x86_64-fedora-clang | 1.1 | 45.32 | NOTE | |||
| r-devel-linux-x86_64-fedora-gcc | 1.1 | 43.03 | NOTE | |||
| r-devel-windows-x86_64 | 1.1 | 4.00 | 44.00 | 48.00 | OK | |
| r-patched-linux-x86_64 | 1.1 | 3.30 | 24.91 | 28.21 | OK | |
| r-release-linux-x86_64 | 1.1 | 2.77 | 24.66 | 27.43 | OK | |
| r-release-macos-arm64 | 1.1 | 1.00 | 16.00 | 17.00 | OK | |
| r-release-macos-x86_64 | 1.1 | 3.00 | 26.00 | 29.00 | OK | |
| r-release-windows-x86_64 | 1.1 | 5.00 | 45.00 | 50.00 | OK | |
| r-oldrel-macos-arm64 | 1.1 | 2.00 | 15.00 | 17.00 | OK | |
| r-oldrel-macos-x86_64 | 1.1 | 2.00 | 23.00 | 25.00 | OK | |
| r-oldrel-windows-x86_64 | 1.1 | 5.00 | 50.00 | 55.00 | OK |
Version: 1.1
Check: dependencies in R code
Result: NOTE
Namespace in Imports field not imported from: ‘MASS’
All declared Imports should be used.
Flavors: r-devel-linux-x86_64-fedora-clang, r-devel-linux-x86_64-fedora-gcc