Last updated on 2025-10-24 04:50:44 CEST.
| Flavor | Version | Tinstall | Tcheck | Ttotal | Status | Flags |
|---|---|---|---|---|---|---|
| r-devel-linux-x86_64-debian-clang | 0.3.1 | 4.10 | 78.45 | 82.55 | NOTE | |
| r-devel-linux-x86_64-debian-gcc | 0.3.1 | 3.28 | 55.47 | 58.75 | NOTE | |
| r-devel-linux-x86_64-fedora-clang | 0.3.1 | 11.00 | 113.39 | 124.39 | NOTE | |
| r-devel-linux-x86_64-fedora-gcc | 0.3.1 | 136.64 | NOTE | |||
| r-devel-windows-x86_64 | 0.3.1 | 8.00 | 100.00 | 108.00 | NOTE | |
| r-patched-linux-x86_64 | 0.3.1 | 5.32 | 72.13 | 77.45 | NOTE | |
| r-release-linux-x86_64 | 0.3.1 | 3.57 | 72.54 | 76.11 | NOTE | |
| r-release-macos-arm64 | 0.3.1 | 2.00 | 45.00 | 47.00 | NOTE | |
| r-release-macos-x86_64 | 0.3.1 | 4.00 | 92.00 | 96.00 | NOTE | |
| r-release-windows-x86_64 | 0.3.1 | 7.00 | 102.00 | 109.00 | NOTE | |
| r-oldrel-macos-arm64 | 0.3.1 | 2.00 | 47.00 | 49.00 | NOTE | |
| r-oldrel-macos-x86_64 | 0.3.1 | 3.00 | 78.00 | 81.00 | NOTE | |
| r-oldrel-windows-x86_64 | 0.3.1 | 10.00 | 125.00 | 135.00 | NOTE |
Version: 0.3.1
Check: Rd files
Result: NOTE
checkRd: (-1) bind_tweets.Rd:21: Lost braces in \itemize; meant \describe ?
checkRd: (-1) bind_tweets.Rd:22: Lost braces in \itemize; meant \describe ?
Flavors: r-devel-linux-x86_64-debian-clang, r-devel-linux-x86_64-debian-gcc, r-devel-linux-x86_64-fedora-clang, r-devel-linux-x86_64-fedora-gcc, r-devel-windows-x86_64, r-patched-linux-x86_64, r-release-linux-x86_64, r-release-macos-arm64, r-release-macos-x86_64, r-release-windows-x86_64, r-oldrel-macos-arm64, r-oldrel-macos-x86_64, r-oldrel-windows-x86_64