Last updated on 2025-10-24 04:50:44 CEST.
| Flavor | Version | Tinstall | Tcheck | Ttotal | Status | Flags |
|---|---|---|---|---|---|---|
| r-devel-linux-x86_64-debian-clang | 0.6.0 | 2.55 | 32.59 | 35.14 | OK | |
| r-devel-linux-x86_64-debian-gcc | 0.6.0 | 1.98 | 25.64 | 27.62 | OK | |
| r-devel-linux-x86_64-fedora-clang | 0.6.0 | 51.99 | OK | |||
| r-devel-linux-x86_64-fedora-gcc | 0.6.0 | 63.67 | OK | |||
| r-devel-windows-x86_64 | 0.6.0 | 4.00 | 49.00 | 53.00 | OK | |
| r-patched-linux-x86_64 | 0.6.0 | 2.66 | 29.86 | 32.52 | OK | |
| r-release-linux-x86_64 | 0.6.0 | 2.32 | 29.65 | 31.97 | OK | |
| r-release-macos-arm64 | 0.6.0 | 2.00 | 31.00 | 33.00 | OK | |
| r-release-macos-x86_64 | 0.6.0 | 3.00 | 47.00 | 50.00 | OK | |
| r-release-windows-x86_64 | 0.6.0 | 4.00 | 50.00 | 54.00 | OK | |
| r-oldrel-macos-arm64 | 0.6.0 | 1.00 | 24.00 | 25.00 | NOTE | |
| r-oldrel-macos-x86_64 | 0.6.0 | 2.00 | 39.00 | 41.00 | NOTE | |
| r-oldrel-windows-x86_64 | 0.6.0 | 5.00 | 60.00 | 65.00 | NOTE |
Version: 0.6.0
Check: LazyData
Result: NOTE
'LazyData' is specified without a 'data' directory
Flavors: r-oldrel-macos-arm64, r-oldrel-macos-x86_64, r-oldrel-windows-x86_64