Last updated on 2025-10-22 05:50:57 CEST.
Flavor | Version | Tinstall | Tcheck | Ttotal | Status | Flags |
---|---|---|---|---|---|---|
r-devel-linux-x86_64-debian-clang | 1.0.1 | 6.37 | 58.12 | 64.49 | OK | |
r-devel-linux-x86_64-debian-gcc | 1.0.1 | 5.10 | 41.61 | 46.71 | OK | |
r-devel-linux-x86_64-fedora-clang | 1.0.1 | 32.00 | 69.94 | 101.94 | NOTE | |
r-devel-linux-x86_64-fedora-gcc | 1.0.1 | 13.00 | 90.84 | 103.84 | NOTE | |
r-devel-windows-x86_64 | 1.0.1 | 9.00 | 69.00 | 78.00 | OK | |
r-patched-linux-x86_64 | 1.0.1 | 7.07 | 52.85 | 59.92 | OK | |
r-release-linux-x86_64 | 1.0.1 | 6.72 | 52.57 | 59.29 | OK | |
r-release-macos-arm64 | 1.0.1 | 3.00 | 49.00 | 52.00 | OK | |
r-release-macos-x86_64 | 1.0.1 | 7.00 | 63.00 | 70.00 | OK | |
r-release-windows-x86_64 | 1.0.1 | 9.00 | 70.00 | 79.00 | OK | |
r-oldrel-macos-arm64 | 1.0.1 | 4.00 | 49.00 | 53.00 | OK | |
r-oldrel-macos-x86_64 | 1.0.1 | 7.00 | 97.00 | 104.00 | OK | |
r-oldrel-windows-x86_64 | 1.0.1 | 13.00 | 87.00 | 100.00 | OK |
Version: 1.0.1
Check: dependencies in R code
Result: NOTE
Namespace in Imports field not imported from: ‘lifecycle’
All declared Imports should be used.
Flavors: r-devel-linux-x86_64-fedora-clang, r-devel-linux-x86_64-fedora-gcc