Last updated on 2025-10-22 05:50:57 CEST.
Flavor | Version | Tinstall | Tcheck | Ttotal | Status | Flags |
---|---|---|---|---|---|---|
r-devel-linux-x86_64-debian-clang | 0.1.4 | 10.83 | 97.03 | 107.86 | NOTE | |
r-devel-linux-x86_64-debian-gcc | 0.1.4 | 6.41 | 64.53 | 70.94 | NOTE | |
r-devel-linux-x86_64-fedora-clang | 0.1.4 | 27.00 | 147.29 | 174.29 | OK | |
r-devel-linux-x86_64-fedora-gcc | 0.1.4 | 20.00 | 133.30 | 153.30 | OK | |
r-devel-windows-x86_64 | 0.1.4 | 11.00 | 95.00 | 106.00 | OK | |
r-patched-linux-x86_64 | 0.1.4 | 8.85 | 90.93 | 99.78 | OK | |
r-release-linux-x86_64 | 0.1.4 | 10.28 | 89.08 | 99.36 | OK | |
r-release-macos-arm64 | 0.1.4 | 5.00 | 44.00 | 49.00 | OK | |
r-release-macos-x86_64 | 0.1.4 | 15.00 | 96.00 | 111.00 | OK | |
r-release-windows-x86_64 | 0.1.4 | 15.00 | 97.00 | 112.00 | OK | |
r-oldrel-macos-arm64 | 0.1.4 | 5.00 | 51.00 | 56.00 | OK | |
r-oldrel-macos-x86_64 | 0.1.4 | 10.00 | 95.00 | 105.00 | OK | |
r-oldrel-windows-x86_64 | 0.1.4 | 17.00 | 130.00 | 147.00 | OK |
Version: 0.1.4
Check: HTML version of manual
Result: NOTE
Found the following HTML validation problems:
activity.summary.by.custom.period.html:59:1 (activity.summary.by.custom.period.Rd:14): Warning: missing </ul> before </div>
activity.with.overlay.chart.folder.html:66:1 (activity.with.overlay.chart.folder.Rd:14): Warning: missing </ul> before </div>
Flavors: r-devel-linux-x86_64-debian-clang, r-devel-linux-x86_64-debian-gcc