Last updated on 2025-10-22 05:50:57 CEST.
Flavor | Version | Tinstall | Tcheck | Ttotal | Status | Flags |
---|---|---|---|---|---|---|
r-devel-linux-x86_64-debian-clang | 0.1.6 | 15.65 | 183.49 | 199.14 | NOTE | |
r-devel-linux-x86_64-debian-gcc | 0.1.6 | 11.58 | 132.13 | 143.71 | NOTE | |
r-devel-linux-x86_64-fedora-clang | 0.1.6 | 79.00 | 227.26 | 306.26 | OK | |
r-devel-linux-x86_64-fedora-gcc | 0.1.6 | 32.00 | 269.08 | 301.08 | OK | |
r-devel-windows-x86_64 | 0.1.6 | 17.00 | 195.00 | 212.00 | OK | |
r-patched-linux-x86_64 | 0.1.6 | 16.40 | 168.64 | 185.04 | OK | |
r-release-linux-x86_64 | 0.1.6 | 13.06 | 168.61 | 181.67 | OK | |
r-release-macos-arm64 | 0.1.6 | 6.00 | 72.00 | 78.00 | OK | |
r-release-macos-x86_64 | 0.1.6 | 16.00 | 148.00 | 164.00 | OK | |
r-release-windows-x86_64 | 0.1.6 | 19.00 | 196.00 | 215.00 | OK | |
r-oldrel-macos-arm64 | 0.1.6 | 7.00 | 72.00 | 79.00 | OK | |
r-oldrel-macos-x86_64 | 0.1.6 | 15.00 | 149.00 | 164.00 | OK | |
r-oldrel-windows-x86_64 | 0.1.6 | 21.00 | 240.00 | 261.00 | OK |
Version: 0.1.6
Check: HTML version of manual
Result: NOTE
Found the following HTML validation problems:
dot-addREs.html:50:1 (dot-addREs.Rd:12): Warning: missing </ul> before </div>
Flavors: r-devel-linux-x86_64-debian-clang, r-devel-linux-x86_64-debian-gcc