Last updated on 2025-07-21 08:49:57 CEST.
Flavor | Version | Tinstall | Tcheck | Ttotal | Status | Flags |
---|---|---|---|---|---|---|
r-devel-linux-x86_64-debian-clang | 0.19.0 | 22.41 | 27.51 | 49.92 | OK | |
r-devel-linux-x86_64-debian-gcc | 0.19.0 | 19.55 | 21.64 | 41.19 | OK | |
r-devel-linux-x86_64-fedora-clang | 0.19.0-1 | 80.05 | OK | |||
r-devel-linux-x86_64-fedora-gcc | 0.19.0-1 | 93.62 | OK | |||
r-devel-windows-x86_64 | 0.19.0 | 37.00 | 74.00 | 111.00 | OK | |
r-patched-linux-x86_64 | 0.19.0 | 25.47 | 25.58 | 51.05 | OK | |
r-release-linux-x86_64 | 0.19.0 | 26.02 | 25.31 | 51.33 | OK | |
r-release-macos-arm64 | 0.19.0 | 30.00 | OK | |||
r-release-macos-x86_64 | 0.19.0-1 | 53.00 | OK | |||
r-release-windows-x86_64 | 0.19.0-1 | 40.00 | 78.00 | 118.00 | OK | |
r-oldrel-macos-arm64 | 0.19.0 | 32.00 | NOTE | |||
r-oldrel-macos-x86_64 | 0.19.0-1 | 50.00 | NOTE | |||
r-oldrel-windows-x86_64 | 0.19.0-1 | 46.00 | 92.00 | 138.00 | OK |
Version: 0.19.0
Check: installed package size
Result: NOTE
installed size is 5.2Mb
sub-directories of 1Mb or more:
libs 5.1Mb
Flavor: r-oldrel-macos-arm64
Version: 0.19.0-1
Check: installed package size
Result: NOTE
installed size is 5.1Mb
sub-directories of 1Mb or more:
libs 5.0Mb
Flavor: r-oldrel-macos-x86_64