Last updated on 2025-10-22 05:50:57 CEST.
Flavor | Version | Tinstall | Tcheck | Ttotal | Status | Flags |
---|---|---|---|---|---|---|
r-devel-linux-x86_64-debian-clang | 0.20.0 | 31.54 | 22.58 | 54.12 | OK | |
r-devel-linux-x86_64-debian-gcc | 0.20.0 | 24.80 | 18.73 | 43.53 | OK | |
r-devel-linux-x86_64-fedora-clang | 0.20.0 | 51.00 | 28.01 | 79.01 | OK | |
r-devel-linux-x86_64-fedora-gcc | 0.20.0 | 69.00 | 23.58 | 92.58 | OK | |
r-devel-windows-x86_64 | 0.20.0 | 49.00 | 67.00 | 116.00 | OK | |
r-patched-linux-x86_64 | 0.20.0 | 33.04 | 20.56 | 53.60 | OK | |
r-release-linux-x86_64 | 0.20.0 | 33.22 | 20.05 | 53.27 | OK | |
r-release-macos-arm64 | 0.20.0 | 18.00 | 15.00 | 33.00 | OK | |
r-release-macos-x86_64 | 0.20.0 | 35.00 | 26.00 | 61.00 | OK | |
r-release-windows-x86_64 | 0.20.0 | 43.00 | 70.00 | 113.00 | OK | |
r-oldrel-macos-arm64 | 0.20.0 | 17.00 | 24.00 | 41.00 | NOTE | |
r-oldrel-macos-x86_64 | 0.20.0 | 42.00 | 29.00 | 71.00 | NOTE | |
r-oldrel-windows-x86_64 | 0.20.0 | 57.00 | 90.00 | 147.00 | OK |
Version: 0.20.0
Check: installed package size
Result: NOTE
installed size is 7.6Mb
sub-directories of 1Mb or more:
libs 7.5Mb
Flavors: r-oldrel-macos-arm64, r-oldrel-macos-x86_64