Last updated on 2025-10-22 05:50:57 CEST.
Flavor | Version | Tinstall | Tcheck | Ttotal | Status | Flags |
---|---|---|---|---|---|---|
r-devel-linux-x86_64-debian-clang | 0.1.2 | 6.68 | 37.43 | 44.11 | NOTE | |
r-devel-linux-x86_64-debian-gcc | 0.1.2 | 4.22 | 28.29 | 32.51 | NOTE | |
r-devel-linux-x86_64-fedora-clang | 0.1.2 | 12.00 | 50.73 | 62.73 | OK | |
r-devel-linux-x86_64-fedora-gcc | 0.1.2 | 13.00 | 47.52 | 60.52 | OK | |
r-devel-windows-x86_64 | 0.1.2 | 7.00 | 51.00 | 58.00 | OK | |
r-patched-linux-x86_64 | 0.1.2 | 6.34 | 34.13 | 40.47 | OK | |
r-release-linux-x86_64 | 0.1.2 | 6.10 | 34.58 | 40.68 | OK | |
r-release-macos-arm64 | 0.1.2 | 3.00 | 21.00 | 24.00 | OK | |
r-release-macos-x86_64 | 0.1.2 | 10.00 | 38.00 | 48.00 | OK | |
r-release-windows-x86_64 | 0.1.2 | 8.00 | 53.00 | 61.00 | OK | |
r-oldrel-macos-arm64 | 0.1.2 | 3.00 | 26.00 | 29.00 | OK | |
r-oldrel-macos-x86_64 | 0.1.2 | 8.00 | 45.00 | 53.00 | OK | |
r-oldrel-windows-x86_64 | 0.1.2 | 9.00 | 64.00 | 73.00 | OK |
Version: 0.1.2
Check: HTML version of manual
Result: NOTE
Found the following HTML validation problems:
AdbiDriver-class.html:72:1 (AdbiDriver-class.Rd:33): Warning: missing </ul> before </div>
Flavors: r-devel-linux-x86_64-debian-clang, r-devel-linux-x86_64-debian-gcc