Last updated on 2025-10-22 05:50:57 CEST.
Flavor | Version | Tinstall | Tcheck | Ttotal | Status | Flags |
---|---|---|---|---|---|---|
r-devel-linux-x86_64-debian-clang | 1.0 | 62.48 | 66.77 | 129.25 | OK | |
r-devel-linux-x86_64-debian-gcc | 1.0 | 32.58 | 47.58 | 80.16 | OK | |
r-devel-linux-x86_64-fedora-clang | 1.0 | 90.00 | 100.08 | 190.08 | OK | |
r-devel-linux-x86_64-fedora-gcc | 1.0 | 116.00 | 74.23 | 190.23 | OK | |
r-devel-windows-x86_64 | 1.0 | 52.00 | 87.00 | 139.00 | OK | |
r-patched-linux-x86_64 | 1.0 | 46.11 | 64.18 | 110.29 | OK | |
r-release-linux-x86_64 | 1.0 | 50.49 | 64.50 | 114.99 | OK | |
r-release-macos-arm64 | 1.0 | 27.00 | 37.00 | 64.00 | OK | |
r-release-macos-x86_64 | 1.0 | 59.00 | 86.00 | 145.00 | OK | |
r-release-windows-x86_64 | 1.0 | 52.00 | 92.00 | 144.00 | OK | |
r-oldrel-macos-arm64 | 1.0 | 23.00 | 31.00 | 54.00 | NOTE | |
r-oldrel-macos-x86_64 | 1.0 | 29.00 | 44.00 | 73.00 | NOTE | |
r-oldrel-windows-x86_64 | 1.0 | 66.00 | 114.00 | 180.00 | OK |
Version: 1.0
Check: installed package size
Result: NOTE
installed size is 6.3Mb
sub-directories of 1Mb or more:
libs 6.1Mb
Flavors: r-oldrel-macos-arm64, r-oldrel-macos-x86_64