Last updated on 2025-10-22 05:50:57 CEST.
Flavor | Version | Tinstall | Tcheck | Ttotal | Status | Flags |
---|---|---|---|---|---|---|
r-devel-linux-x86_64-debian-clang | 0.6.0 | 4.55 | 88.86 | 93.41 | NOTE | |
r-devel-linux-x86_64-debian-gcc | 0.6.0 | 3.44 | 65.10 | 68.54 | NOTE | |
r-devel-linux-x86_64-fedora-clang | 0.6.0 | 23.00 | 125.94 | 148.94 | OK | |
r-devel-linux-x86_64-fedora-gcc | 0.6.0 | 27.00 | 135.44 | 162.44 | OK | |
r-devel-windows-x86_64 | 0.6.0 | 7.00 | 109.00 | 116.00 | OK | |
r-patched-linux-x86_64 | 0.6.0 | 5.61 | 81.15 | 86.76 | OK | |
r-release-linux-x86_64 | 0.6.0 | 4.98 | 81.46 | 86.44 | OK | |
r-release-macos-arm64 | 0.6.0 | 2.00 | 66.00 | 68.00 | OK | |
r-release-macos-x86_64 | 0.6.0 | 4.00 | 80.00 | 84.00 | OK | |
r-release-windows-x86_64 | 0.6.0 | 8.00 | 110.00 | 118.00 | OK | |
r-oldrel-macos-arm64 | 0.6.0 | 2.00 | 46.00 | 48.00 | OK | |
r-oldrel-macos-x86_64 | 0.6.0 | 5.00 | 141.00 | 146.00 | OK | |
r-oldrel-windows-x86_64 | 0.6.0 | 8.00 | 130.00 | 138.00 | OK |
Version: 0.6.0
Check: HTML version of manual
Result: NOTE
Found the following HTML validation problems:
adm_to_ddc.html:50:1 (adm_to_ddc.Rd:12): Warning: missing </ul> before </div>
flip_ddc.html:52:1 (flip_ddc.Rd:12): Warning: missing </ul> before </div>
plot.ddc.html:51:1 (plot.ddc.Rd:12): Warning: missing </ul> before </div>
plot.stratlist.html:59:1 (plot.stratlist.Rd:16): Warning: missing </ul> before </div>
plot.timelist.html:51:1 (plot.timelist.Rd:12): Warning: missing </ul> before </div>
strat_to_time.fossils.html:56:1 (strat_to_time.fossils.Rd:14): Warning: missing </ul> before </div>
strat_to_time.taxonomy.html:55:1 (strat_to_time.taxonomy.Rd:14): Warning: missing </ul> before </div>
time_to_strat.taxonomy.html:55:1 (time_to_strat.taxonomy.Rd:14): Warning: missing </ul> before </div>
tp_to_ddc.html:73:1 (tp_to_ddc.Rd:27): Warning: missing </ul> before </div>
Flavors: r-devel-linux-x86_64-debian-clang, r-devel-linux-x86_64-debian-gcc