CRAN Package Check Results for Package adwordsR

Last updated on 2025-07-27 08:48:22 CEST.

Flavor Version Tinstall Tcheck Ttotal Status Flags
r-devel-linux-x86_64-debian-clang 0.3.1 2.20 21.60 23.80 OK
r-devel-linux-x86_64-debian-gcc 0.3.1 1.55 17.72 19.27 OK
r-devel-linux-x86_64-fedora-clang 0.3.1 36.28 OK
r-devel-linux-x86_64-fedora-gcc 0.3.1 34.06 OK
r-devel-windows-x86_64 0.3.1 3.00 44.00 47.00 OK
r-patched-linux-x86_64 0.3.1 2.56 19.99 22.55 OK
r-release-linux-x86_64 0.3.1 2.19 19.75 21.94 OK
r-release-macos-arm64 0.3.1 19.00 OK
r-release-macos-x86_64 0.3.1 26.00 OK
r-release-windows-x86_64 0.3.1 3.00 49.00 52.00 OK
r-oldrel-macos-arm64 0.3.1 16.00 NOTE
r-oldrel-macos-x86_64 0.3.1 21.00 NOTE
r-oldrel-windows-x86_64 0.3.1 3.00 45.00 48.00 NOTE

Check Details

Version: 0.3.1
Check: LazyData
Result: NOTE 'LazyData' is specified without a 'data' directory Flavors: r-oldrel-macos-arm64, r-oldrel-macos-x86_64, r-oldrel-windows-x86_64