Last updated on 2025-10-22 05:50:58 CEST.
Flavor | Version | Tinstall | Tcheck | Ttotal | Status | Flags |
---|---|---|---|---|---|---|
r-devel-linux-x86_64-debian-clang | 0.8.1 | 660.71 | 118.47 | 779.18 | NOTE | |
r-devel-linux-x86_64-debian-gcc | 0.8.1 | 589.18 | 89.10 | 678.28 | NOTE | |
r-devel-linux-x86_64-fedora-clang | 0.8.1 | 1620.00 | 6.94 | 1626.94 | OK | |
r-devel-linux-x86_64-fedora-gcc | 0.8.1 | 1980.00 | -111.84 | 1868.16 | OK | |
r-devel-windows-x86_64 | 0.8.1 | 919.00 | 172.00 | 1091.00 | OK | |
r-patched-linux-x86_64 | 0.8.1 | 852.03 | 114.32 | 966.35 | OK | |
r-release-linux-x86_64 | 0.8.1 | 851.75 | 112.82 | 964.57 | OK | |
r-release-macos-arm64 | 0.8.1 | 218.00 | 42.00 | 260.00 | OK | |
r-release-macos-x86_64 | 0.8.1 | 424.00 | 73.00 | 497.00 | OK | |
r-release-windows-x86_64 | 0.8.1 | 932.00 | 178.00 | 1110.00 | OK | |
r-oldrel-macos-arm64 | 0.8.1 | 269.00 | 64.00 | 333.00 | NOTE | |
r-oldrel-macos-x86_64 | 0.8.1 | 520.00 | 89.00 | 609.00 | NOTE | |
r-oldrel-windows-x86_64 | 0.8.1 | 1084.00 | 219.00 | 1303.00 | OK |
Version: 0.8.1
Check: HTML version of manual
Result: NOTE
Found the following HTML validation problems:
AxialShapeGraph_subset.html:59:1 (AxialShapeGraph_subset.Rd:18): Warning: missing </ul> before </div>
PointMap_subset.html:59:1 (PointMap_subset.Rd:18): Warning: missing </ul> before </div>
SegmentShapeGraph_subset.html:59:1 (SegmentShapeGraph_subset.Rd:18): Warning: missing </ul> before </div>
ShapeMap_subset.html:59:1 (ShapeMap_subset.Rd:18): Warning: missing </ul> before </div>
plot.PointMap.html:51:1 (plot.PointMap.Rd:12): Warning: missing </ul> before </div>
Flavors: r-devel-linux-x86_64-debian-clang, r-devel-linux-x86_64-debian-gcc
Version: 0.8.1
Check: installed package size
Result: NOTE
installed size is 38.0Mb
sub-directories of 1Mb or more:
libs 36.8Mb
Flavors: r-oldrel-macos-arm64, r-oldrel-macos-x86_64