Last updated on 2025-10-24 04:50:45 CEST.
| Flavor | Version | Tinstall | Tcheck | Ttotal | Status | Flags |
|---|---|---|---|---|---|---|
| r-devel-linux-x86_64-debian-clang | 0.1.3 | 2.24 | 34.73 | 36.97 | NOTE | |
| r-devel-linux-x86_64-debian-gcc | 0.1.3 | 1.73 | 27.69 | 29.42 | NOTE | |
| r-devel-linux-x86_64-fedora-clang | 0.1.3 | 52.20 | OK | |||
| r-devel-linux-x86_64-fedora-gcc | 0.1.3 | 64.99 | OK | |||
| r-devel-windows-x86_64 | 0.1.3 | 6.00 | 51.00 | 57.00 | OK | |
| r-patched-linux-x86_64 | 0.1.3 | 2.42 | 31.56 | 33.98 | NOTE | |
| r-release-linux-x86_64 | 0.1.3 | 2.66 | 31.49 | 34.15 | NOTE | |
| r-release-macos-arm64 | 0.1.3 | 2.00 | 34.00 | 36.00 | OK | |
| r-release-macos-x86_64 | 0.1.3 | 2.00 | 51.00 | 53.00 | OK | |
| r-release-windows-x86_64 | 0.1.3 | 6.00 | 53.00 | 59.00 | OK | |
| r-oldrel-macos-arm64 | 0.1.3 | 1.00 | 33.00 | 34.00 | OK | |
| r-oldrel-macos-x86_64 | 0.1.3 | 2.00 | 41.00 | 43.00 | OK | |
| r-oldrel-windows-x86_64 | 0.1.3 | 6.00 | 61.00 | 67.00 | OK |
Version: 0.1.3
Check: for unstated dependencies in ‘demo’
Result: NOTE
'::' or ':::' import not declared from: ‘bslib’
'library' or 'require' call not declared from: ‘shinyjs’
Flavors: r-devel-linux-x86_64-debian-clang, r-devel-linux-x86_64-debian-gcc, r-patched-linux-x86_64, r-release-linux-x86_64