Last updated on 2025-10-24 04:50:45 CEST.
| Flavor | Version | Tinstall | Tcheck | Ttotal | Status | Flags |
|---|---|---|---|---|---|---|
| r-devel-linux-x86_64-debian-clang | 1.0.0 | 3.08 | 51.58 | 54.66 | NOTE | |
| r-devel-linux-x86_64-debian-gcc | 1.0.0 | 3.12 | 38.07 | 41.19 | NOTE | |
| r-devel-linux-x86_64-fedora-clang | 1.0.0 | 81.44 | OK | |||
| r-devel-linux-x86_64-fedora-gcc | 1.0.0 | 92.77 | OK | |||
| r-devel-windows-x86_64 | 1.0.0 | 6.00 | 90.00 | 96.00 | OK | |
| r-patched-linux-x86_64 | 1.0.0 | 3.79 | 48.33 | 52.12 | OK | |
| r-release-linux-x86_64 | 1.0.0 | 3.92 | 48.54 | 52.46 | OK | |
| r-release-macos-arm64 | 1.0.0 | 2.00 | 69.00 | 71.00 | OK | |
| r-release-macos-x86_64 | 1.0.0 | 3.00 | 92.00 | 95.00 | OK | |
| r-release-windows-x86_64 | 1.0.0 | 6.00 | 90.00 | 96.00 | OK | |
| r-oldrel-macos-arm64 | 1.0.0 | 2.00 | 59.00 | 61.00 | OK | |
| r-oldrel-macos-x86_64 | 1.0.0 | 3.00 | 75.00 | 78.00 | OK | |
| r-oldrel-windows-x86_64 | 1.0.0 | 8.00 | 102.00 | 110.00 | OK |
Version: 1.0.0
Check: CRAN incoming feasibility
Result: NOTE
Maintainer: ‘Housen Chu <hchu@lbl.gov>’
Package CITATION file contains call(s) to old-style personList() or
as.personList(). Please use c() on person objects instead.
Package CITATION file contains call(s) to old-style citEntry(). Please
use bibentry() instead.
Flavors: r-devel-linux-x86_64-debian-clang, r-devel-linux-x86_64-debian-gcc