Last updated on 2025-10-22 05:50:58 CEST.
Flavor | Version | Tinstall | Tcheck | Ttotal | Status | Flags |
---|---|---|---|---|---|---|
r-devel-linux-x86_64-debian-clang | 0.1.0 | 3.72 | 29.13 | 32.85 | NOTE | |
r-devel-linux-x86_64-debian-gcc | 0.1.0 | 2.18 | 22.88 | 25.06 | NOTE | |
r-devel-linux-x86_64-fedora-clang | 0.1.0 | 46.98 | NOTE | |||
r-devel-linux-x86_64-fedora-gcc | 0.1.0 | 45.75 | NOTE | |||
r-devel-windows-x86_64 | 0.1.0 | 5.00 | 46.00 | 51.00 | OK | |
r-patched-linux-x86_64 | 0.1.0 | 3.50 | 26.79 | 30.29 | OK | |
r-release-linux-x86_64 | 0.1.0 | 3.58 | 26.44 | 30.02 | OK | |
r-release-macos-arm64 | 0.1.0 | 2.00 | 22.00 | 24.00 | OK | |
r-release-macos-x86_64 | 0.1.0 | 4.00 | 32.00 | 36.00 | OK | |
r-release-windows-x86_64 | 0.1.0 | 5.00 | 47.00 | 52.00 | OK | |
r-oldrel-macos-arm64 | 0.1.0 | 2.00 | 17.00 | 19.00 | NOTE | |
r-oldrel-macos-x86_64 | 0.1.0 | 3.00 | 23.00 | 26.00 | NOTE | |
r-oldrel-windows-x86_64 | 0.1.0 | 6.00 | 53.00 | 59.00 | NOTE |
Version: 0.1.0
Check: CRAN incoming feasibility
Result: NOTE
Maintainer: ‘Lorenzo Meninato <lorenzomeninato@gmail.com>’
No Authors@R field in DESCRIPTION.
Please add one, modifying
Authors@R: person(given = "Lorenzo",
family = "Meninato",
role = c("aut", "cre"),
email = "lorenzomeninato@gmail.com")
as necessary.
Flavors: r-devel-linux-x86_64-debian-clang, r-devel-linux-x86_64-debian-gcc
Version: 0.1.0
Check: HTML version of manual
Result: NOTE
Found the following HTML validation problems:
Badge.html:146:1 (Badge.Rd:112): Warning: <h5> anchor "Usage" already defined
Badge.html:152:1 (Badge.Rd:116): Warning: <h5> anchor "Arguments" already defined
Badge.html:165:1 (Badge.Rd:123): Warning: <h5> anchor "Returns" already defined
Badge.html:172:1 (Badge.Rd:126): Warning: <h5> anchor "Examples" already defined
Badge.html:194:1 (Badge.Rd:143): Warning: <h5> anchor "Usage" already defined
Badge.html:200:1 (Badge.Rd:147): Warning: <h5> anchor "Arguments" already defined
Flavors: r-devel-linux-x86_64-debian-clang, r-devel-linux-x86_64-debian-gcc
Version: 0.1.0
Check: dependencies in R code
Result: NOTE
Namespace in Imports field not imported from: ‘R6’
All declared Imports should be used.
Flavors: r-devel-linux-x86_64-fedora-clang, r-devel-linux-x86_64-fedora-gcc
Version: 0.1.0
Check: LazyData
Result: NOTE
'LazyData' is specified without a 'data' directory
Flavors: r-oldrel-macos-arm64, r-oldrel-macos-x86_64, r-oldrel-windows-x86_64