CRAN Package Check Results for Package apa

Last updated on 2025-10-22 05:50:58 CEST.

Flavor Version Tinstall Tcheck Ttotal Status Flags
r-devel-linux-x86_64-debian-clang 0.3.4 5.65 58.03 63.68 NOTE
r-devel-linux-x86_64-debian-gcc 0.3.4 4.60 41.91 46.51 NOTE
r-devel-linux-x86_64-fedora-clang 0.3.4 12.00 85.20 97.20 OK
r-devel-linux-x86_64-fedora-gcc 0.3.4 11.00 96.76 107.76 OK
r-devel-windows-x86_64 0.3.4 7.00 77.00 84.00 OK
r-patched-linux-x86_64 0.3.4 5.78 55.86 61.64 OK
r-release-linux-x86_64 0.3.4 4.44 55.13 59.57 OK
r-release-macos-arm64 0.3.4 2.00 36.00 38.00 OK
r-release-macos-x86_64 0.3.4 4.00 65.00 69.00 OK
r-release-windows-x86_64 0.3.4 8.00 80.00 88.00 OK
r-oldrel-macos-arm64 0.3.4 2.00 32.00 34.00 OK
r-oldrel-macos-x86_64 0.3.4 4.00 48.00 52.00 OK
r-oldrel-windows-x86_64 0.3.4 11.00 91.00 102.00 OK

Check Details

Version: 0.3.4
Check: HTML version of manual
Result: NOTE Found the following HTML validation problems: petasq.html:52:1 (petasq.Rd:14): Warning: missing </ul> before </div> petasq_.html:54:1 (petasq_.Rd:12): Warning: missing </ul> before </div> Flavors: r-devel-linux-x86_64-debian-clang, r-devel-linux-x86_64-debian-gcc