Last updated on 2025-10-22 05:50:58 CEST.
Flavor | Version | Tinstall | Tcheck | Ttotal | Status | Flags |
---|---|---|---|---|---|---|
r-devel-linux-x86_64-debian-clang | 3.0.0 | 23.65 | 153.33 | 176.98 | NOTE | |
r-devel-linux-x86_64-debian-gcc | 3.0.0 | 13.87 | 104.77 | 118.64 | NOTE | |
r-devel-linux-x86_64-fedora-clang | 3.0.0 | 61.00 | 214.38 | 275.38 | OK | |
r-devel-linux-x86_64-fedora-gcc | 3.0.0 | 58.00 | 209.33 | 267.33 | OK | |
r-devel-windows-x86_64 | 3.0.0 | 25.00 | 151.00 | 176.00 | OK | |
r-patched-linux-x86_64 | 3.0.0 | 23.40 | 144.62 | 168.02 | OK | |
r-release-linux-x86_64 | 3.0.0 | 18.98 | 144.15 | 163.13 | OK | |
r-release-macos-arm64 | 3.0.0 | 9.00 | 48.00 | 57.00 | OK | |
r-release-macos-x86_64 | 3.0.0 | 21.00 | 80.00 | 101.00 | OK | |
r-release-windows-x86_64 | 3.0.0 | 24.00 | 150.00 | 174.00 | OK | |
r-oldrel-macos-arm64 | 3.0.0 | 9.00 | 57.00 | 66.00 | OK | |
r-oldrel-macos-x86_64 | 3.0.0 | 17.00 | 87.00 | 104.00 | OK | |
r-oldrel-windows-x86_64 | 3.0.0 | 33.00 | 195.00 | 228.00 | OK |
Version: 3.0.0
Check: HTML version of manual
Result: NOTE
Found the following HTML validation problems:
apc.test.normal.residuals.html:52:1 (apc.test.normal.residuals.Rd:10): Warning: missing </ul> before </div>
Flavors: r-devel-linux-x86_64-debian-clang, r-devel-linux-x86_64-debian-gcc