Last updated on 2025-10-22 05:50:58 CEST.
Flavor | Version | Tinstall | Tcheck | Ttotal | Status | Flags |
---|---|---|---|---|---|---|
r-devel-linux-x86_64-debian-clang | 0.2.9 | 6.20 | 63.48 | 69.68 | NOTE | |
r-devel-linux-x86_64-debian-gcc | 0.2.9 | 5.23 | 44.31 | 49.54 | NOTE | |
r-devel-linux-x86_64-fedora-clang | 0.2.9 | 37.00 | 78.43 | 115.43 | OK | |
r-devel-linux-x86_64-fedora-gcc | 0.2.9 | 44.00 | 65.80 | 109.80 | OK | |
r-devel-windows-x86_64 | 0.2.9 | 9.00 | 72.00 | 81.00 | OK | |
r-patched-linux-x86_64 | 0.2.9 | 6.68 | 59.25 | 65.93 | OK | |
r-release-linux-x86_64 | 0.2.9 | 6.60 | 58.57 | 65.17 | OK | |
r-release-macos-arm64 | 0.2.9 | 3.00 | 28.00 | 31.00 | OK | |
r-release-macos-x86_64 | 0.2.9 | 7.00 | 54.00 | 61.00 | OK | |
r-release-windows-x86_64 | 0.2.9 | 9.00 | 72.00 | 81.00 | OK | |
r-oldrel-macos-arm64 | 0.2.9 | 3.00 | 31.00 | 34.00 | OK | |
r-oldrel-macos-x86_64 | 0.2.9 | 9.00 | 72.00 | 81.00 | OK | |
r-oldrel-windows-x86_64 | 0.2.9 | 11.00 | 88.00 | 99.00 | OK |
Version: 0.2.9
Check: HTML version of manual
Result: NOTE
Found the following HTML validation problems:
as.patchwork.html:50:1 (as.patchwork.Rd:12): Warning: missing </ul> before </div>
Flavors: r-devel-linux-x86_64-debian-clang, r-devel-linux-x86_64-debian-gcc