CRAN Package Check Results for Package apsimx

Last updated on 2025-10-22 05:50:58 CEST.

Flavor Version Tinstall Tcheck Ttotal Status Flags
r-devel-linux-x86_64-debian-clang 2.8.235 25.34 221.10 246.44 NOTE
r-devel-linux-x86_64-debian-gcc 2.8.235 15.38 153.77 169.15 NOTE
r-devel-linux-x86_64-fedora-clang 2.8.235 48.00 332.57 380.57 OK
r-devel-linux-x86_64-fedora-gcc 2.8.235 61.00 323.30 384.30 OK
r-devel-windows-x86_64 2.8.235 27.00 226.00 253.00 OK
r-patched-linux-x86_64 2.8.235 27.52 212.53 240.05 OK
r-release-linux-x86_64 2.8.235 22.73 210.61 233.34 OK
r-release-macos-arm64 2.8.235 12.00 133.00 145.00 OK
r-release-macos-x86_64 2.8.235 25.00 216.00 241.00 OK
r-release-windows-x86_64 2.8.235 29.00 229.00 258.00 OK
r-oldrel-macos-arm64 2.8.235 10.00 100.00 110.00 NOTE
r-oldrel-macos-x86_64 2.8.235 22.00 244.00 266.00 NOTE
r-oldrel-windows-x86_64 2.8.235 37.00 285.00 322.00 NOTE

Check Details

Version: 2.8.235
Check: HTML version of manual
Result: NOTE Found the following HTML validation problems: initialwater_parms.html:83:1 (initialwater_parms.Rd:33): Warning: missing </ul> before </div> soilorganicmatter_parms.html:68:1 (soilorganicmatter_parms.Rd:24): Warning: missing </ul> before </div> solutes_parms.html:109:1 (solutes_parms.Rd:49): Warning: missing </ul> before </div> Flavors: r-devel-linux-x86_64-debian-clang, r-devel-linux-x86_64-debian-gcc

Version: 2.8.235
Check: installed package size
Result: NOTE installed size is 7.0Mb sub-directories of 1Mb or more: extdata 5.3Mb Flavors: r-oldrel-macos-arm64, r-oldrel-macos-x86_64, r-oldrel-windows-x86_64