Last updated on 2025-07-21 08:49:57 CEST.
Flavor | Version | Tinstall | Tcheck | Ttotal | Status | Flags |
---|---|---|---|---|---|---|
r-devel-linux-x86_64-debian-clang | 1.2-1 | 1.51 | 33.06 | 34.57 | NOTE | |
r-devel-linux-x86_64-debian-gcc | 1.2-1 | 1.31 | 26.08 | 27.39 | NOTE | |
r-devel-linux-x86_64-fedora-clang | 1.2-1 | 53.73 | OK | |||
r-devel-linux-x86_64-fedora-gcc | 1.2-1 | 55.24 | OK | |||
r-devel-windows-x86_64 | 1.2-1 | 4.00 | 69.00 | 73.00 | OK | |
r-patched-linux-x86_64 | 1.2-1 | 2.53 | 30.69 | 33.22 | OK | |
r-release-linux-x86_64 | 1.2-1 | 1.40 | 31.38 | 32.78 | OK | |
r-release-macos-arm64 | 1.2-1 | 28.00 | OK | |||
r-release-macos-x86_64 | 1.2-1 | 39.00 | OK | |||
r-release-windows-x86_64 | 1.2-1 | 3.00 | 70.00 | 73.00 | OK | |
r-oldrel-macos-arm64 | 1.2-1 | 29.00 | OK | |||
r-oldrel-macos-x86_64 | 1.2-1 | 34.00 | OK | |||
r-oldrel-windows-x86_64 | 1.2-1 | 4.00 | 75.00 | 79.00 | OK |
Version: 1.2-1
Check: CRAN incoming feasibility
Result: NOTE
Maintainer: ‘David L. Carlson <dcarlson@tamu.edu>’
No Authors@R field in DESCRIPTION.
Please add one, modifying
Authors@R: c(person(given = c("David", "L."),
family = "Carlson",
role = c("aut", "cre"),
email = "dcarlson@tamu.edu"),
person(given = "Georg",
family = "Roth",
role = "ctb"))
as necessary.
Flavors: r-devel-linux-x86_64-debian-clang, r-devel-linux-x86_64-debian-gcc