Last updated on 2025-10-22 05:50:58 CEST.
Flavor | Version | Tinstall | Tcheck | Ttotal | Status | Flags |
---|---|---|---|---|---|---|
r-devel-linux-x86_64-debian-clang | 2.2-0.2 | 3.31 | 127.17 | 130.48 | NOTE | |
r-devel-linux-x86_64-debian-gcc | 2.2-0.2 | 2.90 | 76.12 | 79.02 | NOTE | |
r-devel-linux-x86_64-fedora-clang | 2.2-0.2 | 198.90 | OK | |||
r-devel-linux-x86_64-fedora-gcc | 2.2-0.2 | 206.75 | OK | |||
r-devel-windows-x86_64 | 2.2-0.2 | 5.00 | 138.00 | 143.00 | OK | |
r-patched-linux-x86_64 | 2.2-0.2 | 4.74 | 118.81 | 123.55 | OK | |
r-release-linux-x86_64 | 2.2-0.2 | 4.04 | 116.08 | 120.12 | OK | |
r-release-macos-arm64 | 2.2-0.2 | 2.00 | 85.00 | 87.00 | OK | |
r-release-macos-x86_64 | 2.2-0.2 | 4.00 | 158.00 | 162.00 | OK | |
r-release-windows-x86_64 | 2.2-0.2 | 6.00 | 140.00 | 146.00 | OK | |
r-oldrel-macos-arm64 | 2.2-0.2 | 2.00 | 75.00 | 77.00 | OK | |
r-oldrel-macos-x86_64 | 2.2-0.2 | 3.00 | 163.00 | 166.00 | OK | |
r-oldrel-windows-x86_64 | 2.2-0.2 | 5.00 | 181.00 | 186.00 | OK |
Version: 2.2-0.2
Check: HTML version of manual
Result: NOTE
Found the following HTML validation problems:
archetypes-generics.html:70:1 (archetypes-generics.Rd:24): Warning: missing </ul> before </div>
bestModel.html:54:1 (bestModel.Rd:13): Warning: missing </ul> before </div>
xyplot.robustArchetypes.html:57:1 (xyplot.robustArchetypes.Rd:14): Warning: missing </ul> before </div>
xyplot.weightedArchetypes.html:84:1 (xyplot.weightedArchetypes.Rd:29): Warning: missing </ul> before </div>
Flavors: r-devel-linux-x86_64-debian-clang, r-devel-linux-x86_64-debian-gcc