Last updated on 2025-07-22 08:48:26 CEST.
Flavor | Version | Tinstall | Tcheck | Ttotal | Status | Flags |
---|---|---|---|---|---|---|
r-devel-linux-x86_64-debian-clang | 1.1.12 | 22.33 | 40.65 | 62.98 | OK | |
r-devel-linux-x86_64-debian-gcc | 1.1.12 | 16.27 | 31.77 | 48.04 | OK | |
r-devel-linux-x86_64-fedora-clang | 1.1.12 | 113.82 | OK | |||
r-devel-linux-x86_64-fedora-gcc | 1.1.12 | 103.00 | OK | |||
r-devel-windows-x86_64 | 1.1.12 | 61.00 | 82.00 | 143.00 | OK | |
r-patched-linux-x86_64 | 1.1.12 | 23.92 | 36.63 | 60.55 | OK | |
r-release-linux-x86_64 | 1.1.12 | 23.55 | 36.76 | 60.31 | OK | |
r-release-macos-arm64 | 1.1.12 | 40.00 | OK | |||
r-release-macos-x86_64 | 1.1.12 | 53.00 | OK | |||
r-release-windows-x86_64 | 1.1.12 | 61.00 | 81.00 | 142.00 | OK | |
r-oldrel-macos-arm64 | 1.1.12 | 38.00 | NOTE | |||
r-oldrel-macos-x86_64 | 1.1.12 | 58.00 | NOTE | |||
r-oldrel-windows-x86_64 | 1.1.12 | 70.00 | 99.00 | 169.00 | OK |
Version: 1.1.12
Check: installed package size
Result: NOTE
installed size is 6.3Mb
sub-directories of 1Mb or more:
libs 6.1Mb
Flavors: r-oldrel-macos-arm64, r-oldrel-macos-x86_64