Last updated on 2025-10-22 05:50:58 CEST.
Flavor | Version | Tinstall | Tcheck | Ttotal | Status | Flags |
---|---|---|---|---|---|---|
r-devel-linux-x86_64-debian-clang | 3.0.2 | 10.47 | 117.39 | 127.86 | NOTE | |
r-devel-linux-x86_64-debian-gcc | 3.0.2 | 7.57 | 82.77 | 90.34 | NOTE | |
r-devel-linux-x86_64-fedora-clang | 3.0.2 | 23.00 | 169.63 | 192.63 | OK | |
r-devel-linux-x86_64-fedora-gcc | 3.0.2 | 22.00 | 175.07 | 197.07 | OK | |
r-devel-windows-x86_64 | 3.0.2 | 13.00 | 121.00 | 134.00 | OK | |
r-patched-linux-x86_64 | 3.0.2 | 10.68 | 115.01 | 125.69 | OK | |
r-release-linux-x86_64 | 3.0.2 | 9.83 | 113.61 | 123.44 | OK | |
r-release-macos-arm64 | 3.0.2 | 5.00 | 60.00 | 65.00 | OK | |
r-release-macos-x86_64 | 3.0.2 | 11.00 | 123.00 | 134.00 | OK | |
r-release-windows-x86_64 | 3.0.2 | 13.00 | 125.00 | 138.00 | OK | |
r-oldrel-macos-arm64 | 3.0.2 | 4.00 | 48.00 | 52.00 | OK | |
r-oldrel-macos-x86_64 | 3.0.2 | 6.00 | 80.00 | 86.00 | OK | |
r-oldrel-windows-x86_64 | 3.0.2 | 15.00 | 160.00 | 175.00 | OK |
Version: 3.0.2
Check: CRAN incoming feasibility
Result: NOTE
Maintainer: ‘Shihao Yang <shihao.yang@isye.gatech.edu>’
No Authors@R field in DESCRIPTION.
Please add one, modifying
Authors@R: c(person(given = "Shaoyang",
family = "Ning",
role = "aut"),
person(given = "Shihao",
family = "Yang",
role = c("aut", "cre"),
email = "shihao.yang@isye.gatech.edu"),
person(given = c("S.", "C."),
family = "Kou",
role = "aut"))
as necessary.
Flavors: r-devel-linux-x86_64-debian-clang, r-devel-linux-x86_64-debian-gcc
Version: 3.0.2
Check: HTML version of manual
Result: NOTE
Found the following HTML validation problems:
gt.parser.pub.api.html:50:1 (gt.parser.pub.api.Rd:12): Warning: missing </ul> before </div>
gt.parser.pub.web.html:50:1 (gt.parser.pub.web.Rd:12): Warning: missing </ul> before </div>
Flavors: r-devel-linux-x86_64-debian-clang, r-devel-linux-x86_64-debian-gcc