CRAN Package Check Results for Package ascentTraining

Last updated on 2025-10-22 05:50:58 CEST.

Flavor Version Tinstall Tcheck Ttotal Status Flags
r-devel-linux-x86_64-debian-clang 1.0.0 3.97 26.87 30.84 NOTE
r-devel-linux-x86_64-debian-gcc 1.0.0 2.79 21.24 24.03 NOTE
r-devel-linux-x86_64-fedora-clang 1.0.0 44.64 NOTE
r-devel-linux-x86_64-fedora-gcc 1.0.0 10.00 33.18 43.18 NOTE
r-devel-windows-x86_64 1.0.0 6.00 49.00 55.00 NOTE
r-patched-linux-x86_64 1.0.0 4.07 25.67 29.74 NOTE
r-release-linux-x86_64 1.0.0 3.79 25.41 29.20 NOTE
r-release-macos-arm64 1.0.0 3.00 18.00 21.00 NOTE
r-release-macos-x86_64 1.0.0 5.00 30.00 35.00 NOTE
r-release-windows-x86_64 1.0.0 6.00 52.00 58.00 NOTE
r-oldrel-macos-arm64 1.0.0 3.00 23.00 26.00 NOTE
r-oldrel-macos-x86_64 1.0.0 5.00 23.00 28.00 NOTE
r-oldrel-windows-x86_64 1.0.0 6.00 58.00 64.00 NOTE

Check Details

Version: 1.0.0
Check: Rd files
Result: NOTE checkRd: (-1) breast_cancer_clean_features.Rd:45: Escaped LaTeX specials: \& Flavors: r-devel-linux-x86_64-debian-clang, r-devel-linux-x86_64-debian-gcc, r-devel-linux-x86_64-fedora-clang, r-devel-linux-x86_64-fedora-gcc, r-devel-windows-x86_64, r-patched-linux-x86_64, r-release-linux-x86_64, r-release-macos-arm64, r-release-macos-x86_64, r-release-windows-x86_64, r-oldrel-macos-arm64, r-oldrel-macos-x86_64, r-oldrel-windows-x86_64