CRAN Package Check Results for Package asciicast

Last updated on 2025-10-22 05:50:58 CEST.

Flavor Version Tinstall Tcheck Ttotal Status Flags
r-devel-linux-x86_64-debian-clang 2.3.1 6.93 43.21 50.14 NOTE
r-devel-linux-x86_64-debian-gcc 2.3.1 5.11 32.16 37.27 NOTE
r-devel-linux-x86_64-fedora-clang 2.3.1 32.00 44.32 76.32 OK
r-devel-linux-x86_64-fedora-gcc 2.3.1 16.00 52.66 68.66 OK
r-devel-windows-x86_64 2.3.1 18.00 58.00 76.00 OK
r-patched-linux-x86_64 2.3.1 6.82 39.27 46.09 OK
r-release-linux-x86_64 2.3.1 6.58 39.29 45.87 OK
r-release-macos-arm64 2.3.1 6.00 26.00 32.00 OK
r-release-macos-x86_64 2.3.1 9.00 41.00 50.00 OK
r-release-windows-x86_64 2.3.1 21.00 61.00 82.00 OK
r-oldrel-macos-arm64 2.3.1 5.00 21.00 26.00 OK
r-oldrel-macos-x86_64 2.3.1 7.00 32.00 39.00 OK
r-oldrel-windows-x86_64 2.3.1 22.00 75.00 97.00 OK

Check Details

Version: 2.3.1
Check: HTML version of manual
Result: NOTE Found the following HTML validation problems: write_html.html:88:1 (write_html.Rd:38): Warning: missing </ul> before </div> Flavors: r-devel-linux-x86_64-debian-clang, r-devel-linux-x86_64-debian-gcc