Last updated on 2025-10-24 04:50:45 CEST.
| Flavor | Version | Tinstall | Tcheck | Ttotal | Status | Flags |
|---|---|---|---|---|---|---|
| r-devel-linux-x86_64-debian-clang | 0.1.1 | 234.21 | 30.67 | 264.88 | NOTE | |
| r-devel-linux-x86_64-debian-gcc | 0.1.1 | 192.35 | 24.52 | 216.87 | OK | |
| r-devel-linux-x86_64-fedora-clang | 0.1.1 | 277.00 | 149.48 | 426.48 | OK | |
| r-devel-linux-x86_64-fedora-gcc | 0.1.1 | 327.00 | 106.83 | 433.83 | OK | |
| r-devel-windows-x86_64 | 0.1.1 | 215.00 | 69.00 | 284.00 | OK | |
| r-patched-linux-x86_64 | 0.1.1 | 238.36 | 28.43 | 266.79 | OK | |
| r-release-linux-x86_64 | 0.1.1 | 230.83 | 28.24 | 259.07 | OK | |
| r-release-macos-arm64 | 0.1.1 | 89.00 | 24.00 | 113.00 | OK | |
| r-release-macos-x86_64 | 0.1.1 | 160.00 | 44.00 | 204.00 | OK | |
| r-release-windows-x86_64 | 0.1.1 | 215.00 | 67.00 | 282.00 | OK | |
| r-oldrel-macos-arm64 | 0.1.1 | 84.00 | 26.00 | 110.00 | NOTE | |
| r-oldrel-macos-x86_64 | 0.1.1 | 134.00 | 47.00 | 181.00 | NOTE | |
| r-oldrel-windows-x86_64 | 0.1.1 | 232.00 | 83.00 | 315.00 | OK |
Version: 0.1.1
Check: HTML version of manual
Result: NOTE
Found the following HTML validation problems:
expect_snapshot.html:50:1 (expect_snapshot.Rd:12): Warning: missing </ul> before </div>
Flavor: r-devel-linux-x86_64-debian-clang
Version: 0.1.1
Check: installed package size
Result: NOTE
installed size is 5.0Mb
sub-directories of 1Mb or more:
libs 4.8Mb
Flavors: r-oldrel-macos-arm64, r-oldrel-macos-x86_64