Last updated on 2025-10-24 04:50:45 CEST.
| Flavor | Version | Tinstall | Tcheck | Ttotal | Status | Flags |
|---|---|---|---|---|---|---|
| r-devel-linux-x86_64-debian-clang | 1.0.0 | 1.96 | 31.19 | 33.15 | NOTE | |
| r-devel-linux-x86_64-debian-gcc | 1.0.0 | 1.51 | 22.88 | 24.39 | NOTE | |
| r-devel-linux-x86_64-fedora-clang | 1.0.0 | 51.80 | OK | |||
| r-devel-linux-x86_64-fedora-gcc | 1.0.0 | 50.42 | OK | |||
| r-devel-windows-x86_64 | 1.0.0 | 3.00 | 46.00 | 49.00 | OK | |
| r-patched-linux-x86_64 | 1.0.0 | 1.96 | 29.16 | 31.12 | OK | |
| r-release-linux-x86_64 | 1.0.0 | 1.72 | 29.56 | 31.28 | OK | |
| r-release-macos-arm64 | 1.0.0 | 1.00 | 18.00 | 19.00 | OK | |
| r-release-macos-x86_64 | 1.0.0 | 2.00 | 29.00 | 31.00 | OK | |
| r-release-windows-x86_64 | 1.0.0 | 3.00 | 48.00 | 51.00 | OK | |
| r-oldrel-macos-arm64 | 1.0.0 | 1.00 | 21.00 | 22.00 | NOTE | |
| r-oldrel-macos-x86_64 | 1.0.0 | 2.00 | 24.00 | 26.00 | NOTE | |
| r-oldrel-windows-x86_64 | 1.0.0 | 5.00 | 52.00 | 57.00 | NOTE |
Version: 1.0.0
Check: CRAN incoming feasibility
Result: NOTE
Maintainer: ‘Jonas Moss <jonas.gjertsen@gmail.com>’
The Description field contains
Implements the methods described in Moss (2019, <arxiv:1911.01576>).
Please refer to arXiv e-prints via their arXiv DOI <doi:10.48550/arXiv.YYMM.NNNNN>.
Flavors: r-devel-linux-x86_64-debian-clang, r-devel-linux-x86_64-debian-gcc
Version: 1.0.0
Check: LazyData
Result: NOTE
'LazyData' is specified without a 'data' directory
Flavors: r-oldrel-macos-arm64, r-oldrel-macos-x86_64, r-oldrel-windows-x86_64