Last updated on 2025-10-22 05:50:59 CEST.
Flavor | Version | Tinstall | Tcheck | Ttotal | Status | Flags |
---|---|---|---|---|---|---|
r-devel-linux-x86_64-debian-clang | 1.1.0 | 2.58 | 41.23 | 43.81 | NOTE | |
r-devel-linux-x86_64-debian-gcc | 1.1.0 | 2.47 | 31.94 | 34.41 | NOTE | |
r-devel-linux-x86_64-fedora-clang | 1.1.0 | 64.52 | OK | |||
r-devel-linux-x86_64-fedora-gcc | 1.1.0 | 61.08 | OK | |||
r-devel-windows-x86_64 | 1.1.0 | 5.00 | 56.00 | 61.00 | OK | |
r-patched-linux-x86_64 | 1.1.0 | 2.54 | 37.85 | 40.39 | OK | |
r-release-linux-x86_64 | 1.1.0 | 3.18 | 37.59 | 40.77 | OK | |
r-release-macos-arm64 | 1.1.0 | 2.00 | 32.00 | 34.00 | OK | |
r-release-macos-x86_64 | 1.1.0 | 3.00 | 40.00 | 43.00 | OK | |
r-release-windows-x86_64 | 1.1.0 | 6.00 | 58.00 | 64.00 | OK | |
r-oldrel-macos-arm64 | 1.1.0 | 2.00 | 27.00 | 29.00 | OK | |
r-oldrel-macos-x86_64 | 1.1.0 | 2.00 | 40.00 | 42.00 | OK | |
r-oldrel-windows-x86_64 | 1.1.0 | 6.00 | 66.00 | 72.00 | OK |
Version: 1.1.0
Check: HTML version of manual
Result: NOTE
Found the following HTML validation problems:
available_on_github.html:46:1 (available_on_github.Rd:10): Warning: missing </ul> before </div>
create.html:50:1 (create.Rd:12): Warning: missing </ul> before </div>
get_sentiment.html:46:1 (get_sentiment.Rd:10): Warning: missing </ul> before </div>
get_wikipedia.html:48:1 (get_wikipedia.Rd:13): Warning: missing </ul> before </div>
pkg_name_dist.html:50:1 (pkg_name_dist.Rd:12): Warning: missing </ul> before </div>
valid_package_name.html:46:1 (valid_package_name.Rd:10): Warning: missing </ul> before </div>
Flavors: r-devel-linux-x86_64-debian-clang, r-devel-linux-x86_64-debian-gcc