Last updated on 2025-10-22 05:50:59 CEST.
Flavor | Version | Tinstall | Tcheck | Ttotal | Status | Flags |
---|---|---|---|---|---|---|
r-devel-linux-x86_64-debian-clang | 0.3.22 | 4.43 | 41.38 | 45.81 | NOTE | |
r-devel-linux-x86_64-debian-gcc | 0.3.22 | 2.61 | 31.17 | 33.78 | NOTE | |
r-devel-linux-x86_64-fedora-clang | 0.3.22 | 13.00 | 52.02 | 65.02 | OK | |
r-devel-linux-x86_64-fedora-gcc | 0.3.22 | 61.44 | OK | |||
r-devel-windows-x86_64 | 0.3.22 | 7.00 | 79.00 | 86.00 | OK | |
r-patched-linux-x86_64 | 0.3.22 | 5.14 | 37.49 | 42.63 | OK | |
r-release-linux-x86_64 | 0.3.22 | 4.32 | 37.29 | 41.61 | OK | |
r-release-macos-arm64 | 0.3.22 | 8.00 | 22.00 | 30.00 | OK | |
r-release-macos-x86_64 | 0.3.22 | 7.00 | 43.00 | 50.00 | OK | |
r-release-windows-x86_64 | 0.3.22 | 8.00 | 84.00 | 92.00 | OK | |
r-oldrel-macos-arm64 | 0.3.22 | 6.00 | 71.00 | 77.00 | OK | |
r-oldrel-macos-x86_64 | 0.3.22 | 7.00 | 55.00 | 62.00 | OK | |
r-oldrel-windows-x86_64 | 0.3.22 | 10.00 | 88.00 | 98.00 | OK |
Version: 0.3.22
Check: HTML version of manual
Result: NOTE
Found the following HTML validation problems:
deprecated-aws.s3.html:66:1 (deprecated-aws.s3.Rd:40): Warning: missing </ul> before </div>
Flavors: r-devel-linux-x86_64-debian-clang, r-devel-linux-x86_64-debian-gcc