Last updated on 2025-10-24 04:50:46 CEST.
| Flavor | Version | Tinstall | Tcheck | Ttotal | Status | Flags |
|---|---|---|---|---|---|---|
| r-devel-linux-x86_64-debian-clang | 0.3-0 | 3.73 | 180.17 | 183.90 | NOTE | |
| r-devel-linux-x86_64-debian-gcc | 0.3-0 | 2.75 | 133.70 | 136.45 | NOTE | |
| r-devel-linux-x86_64-fedora-clang | 0.3-0 | 15.00 | 278.36 | 293.36 | OK | |
| r-devel-linux-x86_64-fedora-gcc | 0.3-0 | 15.00 | 297.71 | 312.71 | OK | |
| r-devel-windows-x86_64 | 0.3-0 | 5.00 | 82.00 | 87.00 | OK | --no-vignettes |
| r-patched-linux-x86_64 | 0.3-0 | 4.07 | 177.76 | 181.83 | OK | |
| r-release-linux-x86_64 | 0.3-0 | 3.53 | 180.07 | 183.60 | OK | |
| r-release-macos-arm64 | 0.3-0 | 2.00 | 142.00 | 144.00 | OK | |
| r-release-macos-x86_64 | 0.3-0 | 5.00 | 290.00 | 295.00 | OK | |
| r-release-windows-x86_64 | 0.3-0 | 4.00 | 92.00 | 96.00 | OK | --no-vignettes |
| r-oldrel-macos-arm64 | 0.3-0 | 2.00 | 132.00 | 134.00 | OK | |
| r-oldrel-macos-x86_64 | 0.3-0 | 3.00 | 217.00 | 220.00 | OK | |
| r-oldrel-windows-x86_64 | 0.3-0 | 7.00 | 81.00 | 88.00 | OK | --no-vignettes |
Version: 0.3-0
Check: CRAN incoming feasibility
Result: NOTE
Maintainer: ‘Adam B. Olshen <adam.olshen@ucsf.edu>’
No Authors@R field in DESCRIPTION.
Please add one, modifying
Authors@R: c(person(given = c("Adam", "B."),
family = "Olshen",
role = c("aut", "cre"),
email = "adam.olshen@ucsf.edu"),
person(given = c("Richard", "A."),
family = "Olshen",
role = "aut"),
person(given = c("Barry", "S."),
family = "Taylor",
role = "aut"))
as necessary.
Flavors: r-devel-linux-x86_64-debian-clang, r-devel-linux-x86_64-debian-gcc