Last updated on 2025-10-22 05:50:59 CEST.
Flavor | Version | Tinstall | Tcheck | Ttotal | Status | Flags |
---|---|---|---|---|---|---|
r-devel-linux-x86_64-debian-clang | 1.2.0 | 8.89 | 78.20 | 87.09 | NOTE | |
r-devel-linux-x86_64-debian-gcc | 1.2.0 | 6.29 | 58.59 | 64.88 | NOTE | |
r-devel-linux-x86_64-fedora-clang | 1.2.0 | 32.00 | 105.88 | 137.88 | OK | |
r-devel-linux-x86_64-fedora-gcc | 1.2.0 | 20.00 | 111.41 | 131.41 | OK | |
r-devel-windows-x86_64 | 1.2.0 | 10.00 | 82.00 | 92.00 | OK | |
r-patched-linux-x86_64 | 1.2.0 | 8.97 | 73.72 | 82.69 | OK | |
r-release-linux-x86_64 | 1.2.0 | 8.78 | 72.42 | 81.20 | OK | |
r-release-macos-arm64 | 1.2.0 | 4.00 | 36.00 | 40.00 | OK | |
r-release-macos-x86_64 | 1.2.0 | 8.00 | 64.00 | 72.00 | OK | |
r-release-windows-x86_64 | 1.2.0 | 10.00 | 85.00 | 95.00 | OK | |
r-oldrel-macos-arm64 | 1.2.0 | 4.00 | 35.00 | 39.00 | OK | |
r-oldrel-macos-x86_64 | 1.2.0 | 10.00 | 53.00 | 63.00 | OK | |
r-oldrel-windows-x86_64 | 1.2.0 | 14.00 | 106.00 | 120.00 | OK |
Version: 1.2.0
Check: DESCRIPTION meta-information
Result: NOTE
Author field differs from that derived from Authors@R
Author: ‘Robrecht Cannoodt [aut, cre] (<https://orcid.org/0000-0003-3641-729X>, rcannood), Wouter Saelens [aut] (<https://orcid.org/0000-0002-7114-6248>, zouter), Joel Nitta [aut] (<https://orcid.org/0000-0003-4719-7472>, joelnitta)’
Authors@R: ‘Robrecht Cannoodt [aut, cre] (ORCID: <https://orcid.org/0000-0003-3641-729X>, github: rcannood), Wouter Saelens [aut] (ORCID: <https://orcid.org/0000-0002-7114-6248>, github: zouter), Joel Nitta [aut] (ORCID: <https://orcid.org/0000-0003-4719-7472>, github: joelnitta)’
Flavors: r-devel-linux-x86_64-debian-clang, r-devel-linux-x86_64-debian-gcc
Version: 1.2.0
Check: HTML version of manual
Result: NOTE
Found the following HTML validation problems:
singularity_image_path.html:46:1 (singularity_image_path.Rd:10): Warning: missing </ul> before </div>
Flavors: r-devel-linux-x86_64-debian-clang, r-devel-linux-x86_64-debian-gcc