Last updated on 2025-10-22 05:50:59 CEST.
Flavor | Version | Tinstall | Tcheck | Ttotal | Status | Flags |
---|---|---|---|---|---|---|
r-devel-linux-x86_64-debian-clang | 1.0.1 | 35.80 | 42.60 | 78.40 | OK | |
r-devel-linux-x86_64-debian-gcc | 1.0.1 | 34.09 | 31.71 | 65.80 | OK | |
r-devel-linux-x86_64-fedora-clang | 1.0.1 | 82.00 | 40.18 | 122.18 | OK | |
r-devel-linux-x86_64-fedora-gcc | 1.0.1 | 84.00 | 41.95 | 125.95 | OK | |
r-devel-windows-x86_64 | 1.0.1 | 42.00 | 57.00 | 99.00 | OK | |
r-patched-linux-x86_64 | 1.0.1 | 38.75 | 39.67 | 78.42 | OK | |
r-release-linux-x86_64 | 1.0.1 | 41.86 | 39.54 | 81.40 | OK | |
r-release-macos-arm64 | 1.0.1 | 36.00 | 38.00 | 74.00 | OK | |
r-release-macos-x86_64 | 1.0.1 | 49.00 | 44.00 | 93.00 | OK | |
r-release-windows-x86_64 | 1.0.1 | 42.00 | 59.00 | 101.00 | OK | |
r-oldrel-macos-arm64 | 1.0.1 | 28.00 | 25.00 | 53.00 | NOTE | |
r-oldrel-macos-x86_64 | 1.0.1 | 36.00 | 35.00 | 71.00 | NOTE | |
r-oldrel-windows-x86_64 | 1.0.1 | 52.00 | 68.00 | 120.00 | NOTE |
Version: 1.0.1
Check: installed package size
Result: NOTE
installed size is 6.3Mb
sub-directories of 1Mb or more:
data 6.2Mb
Flavors: r-oldrel-macos-arm64, r-oldrel-macos-x86_64, r-oldrel-windows-x86_64