Last updated on 2025-07-21 08:49:57 CEST.
Flavor | Version | Tinstall | Tcheck | Ttotal | Status | Flags |
---|---|---|---|---|---|---|
r-devel-linux-x86_64-debian-clang | 0.9.0 | 174.99 | 503.67 | 678.66 | OK | |
r-devel-linux-x86_64-debian-gcc | 0.9.0 | 150.92 | 336.18 | 487.10 | OK | |
r-devel-linux-x86_64-fedora-clang | 0.9.4 | 1159.16 | OK | |||
r-devel-linux-x86_64-fedora-gcc | 0.9.4 | 1298.23 | OK | |||
r-devel-windows-x86_64 | 0.9.0 | 171.00 | 503.00 | 674.00 | OK | |
r-patched-linux-x86_64 | 0.9.0 | 213.02 | 489.19 | 702.21 | OK | |
r-release-linux-x86_64 | 0.9.0 | 210.53 | 486.96 | 697.49 | OK | |
r-release-macos-arm64 | 0.9.0 | 308.00 | OK | |||
r-release-macos-x86_64 | 0.9.4 | 475.00 | OK | |||
r-release-windows-x86_64 | 0.9.4 | 132.00 | 461.00 | 593.00 | OK | |
r-oldrel-macos-arm64 | 0.9.0 | 306.00 | NOTE | |||
r-oldrel-macos-x86_64 | 0.9.4 | 475.00 | NOTE | |||
r-oldrel-windows-x86_64 | 0.9.4 | 153.00 | 573.00 | 726.00 | NOTE |
Version: 0.9.0
Check: installed package size
Result: NOTE
installed size is 90.1Mb
sub-directories of 1Mb or more:
doc 4.9Mb
libs 83.7Mb
Flavor: r-oldrel-macos-arm64
Version: 0.9.4
Check: installed package size
Result: NOTE
installed size is 91.4Mb
sub-directories of 1Mb or more:
doc 5.2Mb
libs 84.5Mb
Flavors: r-oldrel-macos-x86_64, r-oldrel-windows-x86_64