Last updated on 2025-10-24 04:50:46 CEST.
| Flavor | Version | Tinstall | Tcheck | Ttotal | Status | Flags |
|---|---|---|---|---|---|---|
| r-devel-linux-x86_64-debian-clang | 1.0.0 | 2.41 | 35.29 | 37.70 | NOTE | |
| r-devel-linux-x86_64-debian-gcc | 1.0.0 | 1.75 | 27.59 | 29.34 | OK | |
| r-devel-linux-x86_64-fedora-clang | 1.0.0 | 54.86 | OK | |||
| r-devel-linux-x86_64-fedora-gcc | 1.0.0 | 67.34 | OK | |||
| r-devel-windows-x86_64 | 1.0.0 | 4.00 | 64.00 | 68.00 | OK | |
| r-patched-linux-x86_64 | 1.0.0 | 2.67 | 32.34 | 35.01 | OK | |
| r-release-linux-x86_64 | 1.0.0 | 2.27 | 32.16 | 34.43 | OK | |
| r-release-macos-arm64 | 1.0.0 | 1.00 | 25.00 | 26.00 | OK | |
| r-release-macos-x86_64 | 1.0.0 | 3.00 | 54.00 | 57.00 | OK | |
| r-release-windows-x86_64 | 1.0.0 | 4.00 | 67.00 | 71.00 | OK | |
| r-oldrel-macos-arm64 | 1.0.0 | 1.00 | 29.00 | 30.00 | OK | |
| r-oldrel-macos-x86_64 | 1.0.0 | 2.00 | 45.00 | 47.00 | OK | |
| r-oldrel-windows-x86_64 | 1.0.0 | 4.00 | 71.00 | 75.00 | OK |
Version: 1.0.0
Check: HTML version of manual
Result: NOTE
Found the following HTML validation problems:
BASE.html:247:1 (BASE.Rd:120): Warning: missing </ul> before </div>
Flavor: r-devel-linux-x86_64-debian-clang