Last updated on 2025-10-24 04:50:46 CEST.
| Flavor | Version | Tinstall | Tcheck | Ttotal | Status | Flags |
|---|---|---|---|---|---|---|
| r-devel-linux-x86_64-debian-clang | 1.1 | 31.55 | 266.61 | 298.16 | NOTE | |
| r-devel-linux-x86_64-debian-gcc | 1.1 | 20.53 | 181.86 | 202.39 | NOTE | |
| r-devel-linux-x86_64-fedora-clang | 1.1 | 136.00 | 363.78 | 499.78 | OK | |
| r-devel-linux-x86_64-fedora-gcc | 1.1 | 137.00 | 334.19 | 471.19 | OK | |
| r-devel-windows-x86_64 | 1.1 | 32.00 | 245.00 | 277.00 | OK | |
| r-patched-linux-x86_64 | 1.1 | 30.49 | 253.57 | 284.06 | OK | |
| r-release-linux-x86_64 | 1.1 | 29.97 | 261.14 | 291.11 | OK | |
| r-release-macos-arm64 | 1.1 | 25.00 | 206.00 | 231.00 | OK | |
| r-release-macos-x86_64 | 1.1 | 34.00 | 266.00 | 300.00 | OK | |
| r-release-windows-x86_64 | 1.1 | 32.00 | 243.00 | 275.00 | OK | |
| r-oldrel-macos-arm64 | 1.1 | 15.00 | 107.00 | 122.00 | OK | |
| r-oldrel-macos-x86_64 | 1.1 | 35.00 | 162.00 | 197.00 | OK | |
| r-oldrel-windows-x86_64 | 1.1 | 42.00 | 316.00 | 358.00 | OK |
Version: 1.1
Check: CRAN incoming feasibility
Result: NOTE
Maintainer: ‘Roman Hornung <hornung@ibe.med.uni-muenchen.de>’
No Authors@R field in DESCRIPTION.
Please add one, modifying
Authors@R: c(person(given = "Roman",
family = "Hornung",
role = c("aut", "cre"),
email = "hornung@ibe.med.uni-muenchen.de"),
person(given = "David",
family = "Causeur",
role = "aut"))
as necessary.
Package CITATION file contains call(s) to old-style citEntry(). Please
use bibentry() instead.
Flavors: r-devel-linux-x86_64-debian-clang, r-devel-linux-x86_64-debian-gcc