Last updated on 2025-07-22 08:48:26 CEST.
Flavor | Version | Tinstall | Tcheck | Ttotal | Status | Flags |
---|---|---|---|---|---|---|
r-devel-linux-x86_64-debian-clang | 1.0.1 | 24.83 | 713.17 | 738.00 | OK | |
r-devel-linux-x86_64-debian-gcc | 1.0.1 | 17.78 | 381.93 | 399.71 | OK | |
r-devel-linux-x86_64-fedora-clang | 1.0.1 | 1332.08 | NOTE | |||
r-devel-linux-x86_64-fedora-gcc | 1.0.1 | 1228.60 | NOTE | |||
r-devel-windows-x86_64 | 1.0.1 | 32.00 | 581.00 | 613.00 | OK | |
r-patched-linux-x86_64 | 1.0.1 | 23.47 | 668.31 | 691.78 | OK | |
r-release-linux-x86_64 | 1.0.1 | 24.92 | 658.40 | 683.32 | OK | |
r-release-macos-arm64 | 1.0.1 | 320.00 | OK | |||
r-release-macos-x86_64 | 1.0.1 | 595.00 | OK | |||
r-release-windows-x86_64 | 1.0.1 | 33.00 | 563.00 | 596.00 | OK | |
r-oldrel-macos-arm64 | 1.0.1 | 248.00 | OK | |||
r-oldrel-macos-x86_64 | 1.0.1 | 442.00 | OK | |||
r-oldrel-windows-x86_64 | 1.0.1 | 39.00 | 834.00 | 873.00 | OK |
Version: 1.0.1
Check: dependencies in R code
Result: NOTE
Namespace in Imports field not imported from: ‘ggplot2’
All declared Imports should be used.
Flavors: r-devel-linux-x86_64-fedora-clang, r-devel-linux-x86_64-fedora-gcc