Last updated on 2025-10-22 05:50:59 CEST.
Flavor | Version | Tinstall | Tcheck | Ttotal | Status | Flags |
---|---|---|---|---|---|---|
r-devel-linux-x86_64-debian-clang | 0.1.0 | 7.59 | 142.38 | 149.97 | NOTE | |
r-devel-linux-x86_64-debian-gcc | 0.1.0 | 5.28 | 94.48 | 99.76 | NOTE | |
r-devel-linux-x86_64-fedora-clang | 0.1.0 | 29.00 | 208.35 | 237.35 | NOTE | |
r-devel-linux-x86_64-fedora-gcc | 0.1.0 | 15.00 | 217.26 | 232.26 | NOTE | |
r-devel-windows-x86_64 | 0.1.0 | 9.00 | 124.00 | 133.00 | OK | |
r-patched-linux-x86_64 | 0.1.0 | 6.92 | 131.83 | 138.75 | OK | |
r-release-linux-x86_64 | 0.1.0 | 7.32 | 130.86 | 138.18 | OK | |
r-release-macos-arm64 | 0.1.0 | 3.00 | 56.00 | 59.00 | OK | |
r-release-macos-x86_64 | 0.1.0 | 5.00 | 115.00 | 120.00 | OK | |
r-release-windows-x86_64 | 0.1.0 | 9.00 | 126.00 | 135.00 | OK | |
r-oldrel-macos-arm64 | 0.1.0 | 3.00 | 56.00 | 59.00 | OK | |
r-oldrel-macos-x86_64 | 0.1.0 | 4.00 | 82.00 | 86.00 | OK | |
r-oldrel-windows-x86_64 | 0.1.0 | 12.00 | 166.00 | 178.00 | OK |
Version: 0.1.0
Check: CRAN incoming feasibility
Result: NOTE
Maintainer: ‘Deepankar Basu <dbasu@umass.edu>’
The Description field contains
to the method of Basu (2022) <arXiv:2203.12431>. You supply the data,
Please refer to arXiv e-prints via their arXiv DOI <doi:10.48550/arXiv.YYMM.NNNNN>.
Flavors: r-devel-linux-x86_64-debian-clang, r-devel-linux-x86_64-debian-gcc
Version: 0.1.0
Check: dependencies in R code
Result: NOTE
Namespace in Imports field not imported from: ‘vtable’
All declared Imports should be used.
Flavors: r-devel-linux-x86_64-fedora-clang, r-devel-linux-x86_64-fedora-gcc