Last updated on 2025-10-22 05:51:00 CEST.
Flavor | Version | Tinstall | Tcheck | Ttotal | Status | Flags |
---|---|---|---|---|---|---|
r-devel-linux-x86_64-debian-clang | 0.7.0 | 15.28 | 145.36 | 160.64 | NOTE | |
r-devel-linux-x86_64-debian-gcc | 0.7.0 | 10.15 | 89.15 | 99.30 | NOTE | |
r-devel-linux-x86_64-fedora-clang | 0.7.0 | 44.00 | 225.46 | 269.46 | OK | |
r-devel-linux-x86_64-fedora-gcc | 0.7.0 | 37.00 | 227.56 | 264.56 | OK | |
r-devel-windows-x86_64 | 0.7.0 | 20.00 | 160.00 | 180.00 | OK | |
r-patched-linux-x86_64 | 0.7.0 | 14.81 | 134.85 | 149.66 | OK | |
r-release-linux-x86_64 | 0.7.0 | 15.35 | 135.42 | 150.77 | OK | |
r-release-macos-arm64 | 0.7.0 | 14.00 | 63.00 | 77.00 | OK | |
r-release-macos-x86_64 | 0.7.0 | 12.00 | 121.00 | 133.00 | OK | |
r-release-windows-x86_64 | 0.7.0 | 22.00 | 162.00 | 184.00 | OK | |
r-oldrel-macos-arm64 | 0.7.0 | 8.00 | 66.00 | 74.00 | OK | |
r-oldrel-macos-x86_64 | 0.7.0 | 10.00 | 133.00 | 143.00 | OK | |
r-oldrel-windows-x86_64 | 0.7.0 | 24.00 | 217.00 | 241.00 | OK |
Version: 0.7.0
Check: HTML version of manual
Result: NOTE
Found the following HTML validation problems:
dot-check_params_match.html:71:1 (dot-check_params_match.Rd:27): Warning: missing </ul> before </div>
particle_filter_common_params.html:100:1 (particle_filter_common_params.Rd:45): Warning: missing </ul> before </div>
Flavors: r-devel-linux-x86_64-debian-clang, r-devel-linux-x86_64-debian-gcc