Last updated on 2025-07-19 08:48:29 CEST.
Flavor | Version | Tinstall | Tcheck | Ttotal | Status | Flags |
---|---|---|---|---|---|---|
r-devel-linux-x86_64-debian-clang | 0.0.5 | 126.99 | 104.02 | 231.01 | OK | |
r-devel-linux-x86_64-debian-gcc | 0.0.5 | 113.16 | 85.72 | 198.88 | OK | |
r-devel-linux-x86_64-fedora-clang | 0.0.5 | 352.62 | OK | |||
r-devel-linux-x86_64-fedora-gcc | 0.0.5 | 420.41 | OK | |||
r-devel-windows-x86_64 | 0.0.5 | 134.00 | 132.00 | 266.00 | OK | |
r-patched-linux-x86_64 | 0.0.5 | 146.39 | 111.10 | 257.49 | OK | |
r-release-linux-x86_64 | 0.0.5 | 152.62 | 112.10 | 264.72 | OK | |
r-release-macos-arm64 | 0.0.5 | 92.00 | OK | |||
r-release-macos-x86_64 | 0.0.5 | 200.00 | OK | |||
r-release-windows-x86_64 | 0.0.5 | 138.00 | 128.00 | 266.00 | OK | |
r-oldrel-macos-arm64 | 0.0.5 | 92.00 | NOTE | |||
r-oldrel-macos-x86_64 | 0.0.5 | 140.00 | NOTE | |||
r-oldrel-windows-x86_64 | 0.0.5 | 157.00 | 163.00 | 320.00 | NOTE |
Version: 0.0.5
Check: installed package size
Result: NOTE
installed size is 39.3Mb
sub-directories of 1Mb or more:
libs 39.1Mb
Flavors: r-oldrel-macos-arm64, r-oldrel-macos-x86_64
Version: 0.0.5
Check: for GNU extensions in Makefiles
Result: NOTE
GNU make is a SystemRequirements.
Flavors: r-oldrel-macos-arm64, r-oldrel-macos-x86_64, r-oldrel-windows-x86_64