CRAN Package Check Results for Package bayesanova

Last updated on 2025-10-22 05:50:59 CEST.

Flavor Version Tinstall Tcheck Ttotal Status Flags
r-devel-linux-x86_64-debian-clang 1.6 12.03 49.55 61.58 NOTE
r-devel-linux-x86_64-debian-gcc 1.6 6.75 33.85 40.60 NOTE
r-devel-linux-x86_64-fedora-clang 1.6 30.00 68.69 98.69 OK
r-devel-linux-x86_64-fedora-gcc 1.6 26.00 64.44 90.44 OK
r-devel-windows-x86_64 1.6 11.00 63.00 74.00 OK
r-patched-linux-x86_64 1.6 9.88 47.64 57.52 OK
r-release-linux-x86_64 1.6 10.35 46.91 57.26 OK
r-release-macos-arm64 1.6 7.00 34.00 41.00 OK
r-release-macos-x86_64 1.6 13.00 74.00 87.00 OK
r-release-windows-x86_64 1.6 11.00 67.00 78.00 OK
r-oldrel-macos-arm64 1.6 6.00 25.00 31.00 OK
r-oldrel-macos-x86_64 1.6 10.00 48.00 58.00 OK
r-oldrel-windows-x86_64 1.6 14.00 75.00 89.00 OK

Check Details

Version: 1.6
Check: CRAN incoming feasibility
Result: NOTE Maintainer: ‘Riko Kelter <riko_k@gmx.de>’ No Authors@R field in DESCRIPTION. Please add one, modifying Authors@R: person(given = "Riko", family = "Kelter", role = c("aut", "cre"), email = "riko_k@gmx.de") as necessary. The Description field contains mixtures, see Kelter (2019) <arXiv:1906.07524>. Please refer to arXiv e-prints via their arXiv DOI <doi:10.48550/arXiv.YYMM.NNNNN>. Flavors: r-devel-linux-x86_64-debian-clang, r-devel-linux-x86_64-debian-gcc