Last updated on 2025-07-21 08:49:58 CEST.
Flavor | Version | Tinstall | Tcheck | Ttotal | Status | Flags |
---|---|---|---|---|---|---|
r-devel-linux-x86_64-debian-clang | 2.1.3.0 | 24.35 | 208.97 | 233.32 | OK | |
r-devel-linux-x86_64-debian-gcc | 2.1.3.0 | 18.49 | 150.15 | 168.64 | OK | |
r-devel-linux-x86_64-fedora-clang | 2.1.3.0 | 371.95 | OK | |||
r-devel-linux-x86_64-fedora-gcc | 2.1.3.0 | 361.67 | OK | |||
r-devel-windows-x86_64 | 2.1.3.0 | 26.00 | 213.00 | 239.00 | OK | |
r-patched-linux-x86_64 | 2.1.3.0 | 27.27 | 198.97 | 226.24 | OK | |
r-release-linux-x86_64 | 2.1.3.0 | 23.50 | 196.92 | 220.42 | OK | |
r-release-macos-arm64 | 2.1.3.0 | 106.00 | OK | |||
r-release-macos-x86_64 | 2.1.3.0 | 345.00 | OK | |||
r-release-windows-x86_64 | 2.1.3.0 | 26.00 | 205.00 | 231.00 | OK | |
r-oldrel-macos-arm64 | 2.1.3.0 | 110.00 | NOTE | |||
r-oldrel-macos-x86_64 | 2.1.3.0 | 344.00 | NOTE | |||
r-oldrel-windows-x86_64 | 2.1.3.0 | 35.00 | 261.00 | 296.00 | NOTE |
Version: 2.1.3.0
Check: installed package size
Result: NOTE
installed size is 5.3Mb
sub-directories of 1Mb or more:
data 3.7Mb
Flavors: r-oldrel-macos-arm64, r-oldrel-macos-x86_64, r-oldrel-windows-x86_64