Last updated on 2025-10-22 05:51:00 CEST.
Flavor | Version | Tinstall | Tcheck | Ttotal | Status | Flags |
---|---|---|---|---|---|---|
r-devel-linux-x86_64-debian-clang | 0.0.2 | 23.74 | 273.81 | 297.55 | NOTE | |
r-devel-linux-x86_64-debian-gcc | 0.0.2 | 20.89 | 199.87 | 220.76 | NOTE | |
r-devel-linux-x86_64-fedora-clang | 0.0.2 | 205.00 | 308.38 | 513.38 | NOTE | |
r-devel-linux-x86_64-fedora-gcc | 0.0.2 | 98.00 | 387.55 | 485.55 | NOTE | |
r-devel-windows-x86_64 | 0.0.2 | 29.00 | 249.00 | 278.00 | NOTE | |
r-patched-linux-x86_64 | 0.0.2 | 23.59 | 269.31 | 292.90 | NOTE | |
r-release-linux-x86_64 | 0.0.2 | 23.34 | 265.38 | 288.72 | NOTE | |
r-release-macos-arm64 | 0.0.2 | 12.00 | 99.00 | 111.00 | NOTE | |
r-release-macos-x86_64 | 0.0.2 | 29.00 | 215.00 | 244.00 | NOTE | |
r-release-windows-x86_64 | 0.0.2 | 29.00 | 249.00 | 278.00 | NOTE | |
r-oldrel-macos-arm64 | 0.0.2 | 11.00 | 98.00 | 109.00 | NOTE | |
r-oldrel-macos-x86_64 | 0.0.2 | 17.00 | 146.00 | 163.00 | NOTE | |
r-oldrel-windows-x86_64 | 0.0.2 | 33.00 | 332.00 | 365.00 | NOTE |
Version: 0.0.2
Check: package subdirectories
Result: NOTE
Problems with news in ‘NEWS.md’:
No news entries found.
Flavors: r-devel-linux-x86_64-debian-clang, r-devel-linux-x86_64-debian-gcc, r-devel-linux-x86_64-fedora-clang, r-devel-linux-x86_64-fedora-gcc, r-devel-windows-x86_64, r-patched-linux-x86_64, r-release-linux-x86_64, r-release-macos-arm64, r-release-macos-x86_64, r-release-windows-x86_64, r-oldrel-macos-arm64, r-oldrel-macos-x86_64, r-oldrel-windows-x86_64
Version: 0.0.2
Check: Rd files
Result: NOTE
checkRd: (-1) pulse_of_the_nation.Rd:10: Escaped LaTeX specials: \$
Flavors: r-devel-linux-x86_64-debian-clang, r-devel-linux-x86_64-debian-gcc, r-devel-linux-x86_64-fedora-clang, r-devel-linux-x86_64-fedora-gcc, r-devel-windows-x86_64, r-patched-linux-x86_64, r-release-linux-x86_64, r-release-macos-arm64, r-release-macos-x86_64, r-release-windows-x86_64, r-oldrel-macos-arm64, r-oldrel-macos-x86_64, r-oldrel-windows-x86_64