Last updated on 2025-10-24 04:50:46 CEST.
| Flavor | Version | Tinstall | Tcheck | Ttotal | Status | Flags |
|---|---|---|---|---|---|---|
| r-devel-linux-x86_64-debian-clang | 0.3.0 | 110.57 | 27.09 | 137.66 | OK | |
| r-devel-linux-x86_64-debian-gcc | 0.3.0 | 73.38 | 21.11 | 94.49 | OK | |
| r-devel-linux-x86_64-fedora-clang | 0.3.0 | 446.00 | -173.05 | 272.95 | OK | |
| r-devel-linux-x86_64-fedora-gcc | 0.3.0 | 158.00 | 85.41 | 243.41 | OK | |
| r-devel-windows-x86_64 | 0.3.0 | 124.00 | 61.00 | 185.00 | OK | |
| r-patched-linux-x86_64 | 0.3.0 | 107.54 | 24.91 | 132.45 | OK | |
| r-release-linux-x86_64 | 0.3.0 | 112.75 | 24.78 | 137.53 | OK | |
| r-release-macos-arm64 | 0.3.0 | 48.00 | 18.00 | 66.00 | OK | |
| r-release-macos-x86_64 | 0.3.0 | 31.00 | 27.00 | 58.00 | OK | |
| r-release-windows-x86_64 | 0.3.0 | 120.00 | 70.00 | 190.00 | OK | |
| r-oldrel-macos-arm64 | 0.3.0 | 34.00 | 23.00 | 57.00 | NOTE | |
| r-oldrel-macos-x86_64 | 0.3.0 | 45.00 | 32.00 | 77.00 | NOTE | |
| r-oldrel-windows-x86_64 | 0.3.0 | 142.00 | 80.00 | 222.00 | OK |
Version: 0.3.0
Check: installed package size
Result: NOTE
installed size is 5.5Mb
sub-directories of 1Mb or more:
libs 5.4Mb
Flavors: r-oldrel-macos-arm64, r-oldrel-macos-x86_64