Last updated on 2025-10-22 05:51:00 CEST.
Flavor | Version | Tinstall | Tcheck | Ttotal | Status | Flags |
---|---|---|---|---|---|---|
r-devel-linux-x86_64-debian-clang | 0.3.0 | 40.42 | 141.18 | 181.60 | NOTE | |
r-devel-linux-x86_64-debian-gcc | 0.3.0 | 26.56 | 97.54 | 124.10 | NOTE | |
r-devel-linux-x86_64-fedora-clang | 0.3.0 | 210.00 | 95.62 | 305.62 | OK | |
r-devel-linux-x86_64-fedora-gcc | 0.3.0 | 69.00 | 221.17 | 290.17 | OK | |
r-devel-windows-x86_64 | 0.3.0 | 44.00 | 179.00 | 223.00 | OK | |
r-patched-linux-x86_64 | 0.3.0 | 39.93 | 134.77 | 174.70 | OK | |
r-release-linux-x86_64 | 0.3.0 | 43.10 | 133.37 | 176.47 | OK | |
r-release-macos-arm64 | 0.3.0 | 15.00 | 71.00 | 86.00 | OK | |
r-release-macos-x86_64 | 0.3.0 | 23.00 | 117.00 | 140.00 | OK | |
r-release-windows-x86_64 | 0.3.0 | 42.00 | 182.00 | 224.00 | OK | |
r-oldrel-macos-arm64 | 0.3.0 | 17.00 | 79.00 | 96.00 | OK | |
r-oldrel-macos-x86_64 | 0.3.0 | 25.00 | 145.00 | 170.00 | OK | |
r-oldrel-windows-x86_64 | 0.3.0 | 53.00 | 221.00 | 274.00 | OK |
Version: 0.3.0
Check: HTML version of manual
Result: NOTE
Found the following HTML validation problems:
full_model_space.html:68:1 (full_model_space.Rd:27): Warning: missing </ul> before </div>
small_model_space.html:69:1 (small_model_space.Rd:27): Warning: missing </ul> before </div>
Flavors: r-devel-linux-x86_64-debian-clang, r-devel-linux-x86_64-debian-gcc