Last updated on 2025-10-22 05:51:00 CEST.
Flavor | Version | Tinstall | Tcheck | Ttotal | Status | Flags |
---|---|---|---|---|---|---|
r-devel-linux-x86_64-debian-clang | 0.0.2.2 | 220.94 | 227.16 | 448.10 | NOTE | |
r-devel-linux-x86_64-debian-gcc | 0.0.2.2 | 218.86 | 178.85 | 397.71 | NOTE | |
r-devel-linux-x86_64-fedora-clang | 0.0.2.2 | 1080.00 | -326.43 | 753.57 | NOTE | |
r-devel-linux-x86_64-fedora-gcc | 0.0.2.2 | 660.00 | 196.54 | 856.54 | NOTE | |
r-devel-windows-x86_64 | 0.0.2.2 | 264.00 | 296.00 | 560.00 | OK | |
r-patched-linux-x86_64 | 0.0.2.2 | 282.70 | 239.61 | 522.31 | OK | |
r-release-linux-x86_64 | 0.0.2.2 | 271.47 | 238.07 | 509.54 | OK | |
r-release-macos-arm64 | 0.0.2.2 | 94.00 | 95.00 | 189.00 | OK | |
r-release-macos-x86_64 | 0.0.2.2 | 160.00 | 220.00 | 380.00 | OK | |
r-release-windows-x86_64 | 0.0.2.2 | 261.00 | 292.00 | 553.00 | OK | |
r-oldrel-macos-arm64 | 0.0.2.2 | 92.00 | 85.00 | 177.00 | NOTE | |
r-oldrel-macos-x86_64 | 0.0.2.2 | 118.00 | 124.00 | 242.00 | NOTE | |
r-oldrel-windows-x86_64 | 0.0.2.2 | 302.00 | 390.00 | 692.00 | NOTE |
Version: 0.0.2.2
Check: HTML version of manual
Result: NOTE
Found the following HTML validation problems:
summary.bellreg.html:51:1 (summary.bellreg.Rd:12): Warning: missing </ul> before </div>
summary.zibellreg.html:51:1 (summary.zibellreg.Rd:12): Warning: missing </ul> before </div>
Flavors: r-devel-linux-x86_64-debian-clang, r-devel-linux-x86_64-debian-gcc
Version: 0.0.2.2
Check: dependencies in R code
Result: NOTE
Namespace in Imports field not imported from: ‘rstantools’
All declared Imports should be used.
Flavors: r-devel-linux-x86_64-fedora-clang, r-devel-linux-x86_64-fedora-gcc
Version: 0.0.2.2
Check: installed package size
Result: NOTE
installed size is 54.9Mb
sub-directories of 1Mb or more:
libs 54.5Mb
Flavors: r-oldrel-macos-arm64, r-oldrel-macos-x86_64
Version: 0.0.2.2
Check: for GNU extensions in Makefiles
Result: NOTE
GNU make is a SystemRequirements.
Flavors: r-oldrel-macos-arm64, r-oldrel-macos-x86_64, r-oldrel-windows-x86_64