Last updated on 2025-10-24 04:50:46 CEST.
| Flavor | Version | Tinstall | Tcheck | Ttotal | Status | Flags |
|---|---|---|---|---|---|---|
| r-devel-linux-x86_64-debian-clang | 0.37.3 | 8.76 | 73.07 | 81.83 | NOTE | |
| r-devel-linux-x86_64-debian-gcc | 0.37.3 | 5.40 | 52.56 | 57.96 | NOTE | |
| r-devel-linux-x86_64-fedora-clang | 0.37.3 | 43.00 | 87.21 | 130.21 | OK | |
| r-devel-linux-x86_64-fedora-gcc | 0.37.3 | 19.00 | 99.73 | 118.73 | OK | |
| r-devel-windows-x86_64 | 0.37.3 | 11.00 | 90.00 | 101.00 | OK | |
| r-patched-linux-x86_64 | 0.37.3 | 7.67 | 68.98 | 76.65 | OK | |
| r-release-linux-x86_64 | 0.37.3 | 8.01 | 68.82 | 76.83 | OK | |
| r-release-macos-arm64 | 0.37.3 | 5.00 | 36.00 | 41.00 | OK | |
| r-release-macos-x86_64 | 0.37.3 | 8.00 | 73.00 | 81.00 | OK | |
| r-release-windows-x86_64 | 0.37.3 | 9.00 | 90.00 | 99.00 | OK | |
| r-oldrel-macos-arm64 | 0.37.3 | 4.00 | 33.00 | 37.00 | OK | |
| r-oldrel-macos-x86_64 | 0.37.3 | 7.00 | 53.00 | 60.00 | OK | |
| r-oldrel-windows-x86_64 | 0.37.3 | 14.00 | 104.00 | 118.00 | OK |
Version: 0.37.3
Check: CRAN incoming feasibility
Result: NOTE
Maintainer: ‘Yuanhao Lai <ylai72@uwo.ca>’
No Authors@R field in DESCRIPTION.
Please add one, modifying
Authors@R: c(person(given = "A.I.",
family = "McLeod",
role = "aut"),
person(given = "Changjiang",
family = "Xu",
role = "aut"),
person(given = "Yuanhao",
family = "Lai",
role = c("aut", "cre"),
email = "ylai72@uwo.ca"))
as necessary.
Flavors: r-devel-linux-x86_64-debian-clang, r-devel-linux-x86_64-debian-gcc