Last updated on 2025-10-22 05:51:00 CEST.
Flavor | Version | Tinstall | Tcheck | Ttotal | Status | Flags |
---|---|---|---|---|---|---|
r-devel-linux-x86_64-debian-clang | 1.0.7 | 289.49 | 88.96 | 378.45 | NOTE | |
r-devel-linux-x86_64-debian-gcc | 1.0.7 | 276.77 | 107.19 | 383.96 | NOTE | |
r-devel-linux-x86_64-fedora-clang | 1.0.7 | 440.00 | 243.67 | 683.67 | NOTE | |
r-devel-linux-x86_64-fedora-gcc | 1.0.7 | 380.00 | 443.32 | 823.32 | NOTE | |
r-devel-windows-x86_64 | 1.0.7 | 331.00 | 166.00 | 497.00 | NOTE | |
r-patched-linux-x86_64 | 1.0.7 | 367.08 | 144.15 | 511.23 | NOTE | |
r-release-linux-x86_64 | 1.0.7 | 369.91 | 144.19 | 514.10 | NOTE | |
r-release-macos-arm64 | 1.0.7 | 114.00 | 49.00 | 163.00 | NOTE | |
r-release-macos-x86_64 | 1.0.7 | 103.00 | 91.00 | 194.00 | NOTE | |
r-release-windows-x86_64 | 1.0.7 | 341.00 | 166.00 | 507.00 | NOTE | |
r-oldrel-macos-arm64 | 1.0.7 | 115.00 | 43.00 | 158.00 | NOTE | |
r-oldrel-macos-x86_64 | 1.0.7 | 85.00 | 66.00 | 151.00 | NOTE | |
r-oldrel-windows-x86_64 | 1.0.7 | 409.00 | 193.00 | 602.00 | NOTE |
Version: 1.0.7
Check: C++ specification
Result: NOTE
Specified C++11: please drop specification unless essential
Flavors: r-devel-linux-x86_64-debian-clang, r-devel-linux-x86_64-debian-gcc, r-devel-linux-x86_64-fedora-clang, r-devel-linux-x86_64-fedora-gcc, r-devel-windows-x86_64, r-patched-linux-x86_64, r-release-linux-x86_64, r-release-macos-arm64, r-release-macos-x86_64, r-release-windows-x86_64, r-oldrel-macos-arm64, r-oldrel-macos-x86_64, r-oldrel-windows-x86_64
Version: 1.0.7
Check: Rd files
Result: NOTE
checkRd: (-1) gen.data.Rd:42: Lost braces
42 | code{cortype = 2} denotes the constant structure, where the \eqn{(i,j)} entry of covariance
| ^
Flavors: r-devel-linux-x86_64-debian-clang, r-devel-linux-x86_64-debian-gcc, r-devel-linux-x86_64-fedora-clang, r-devel-linux-x86_64-fedora-gcc, r-devel-windows-x86_64, r-patched-linux-x86_64, r-release-linux-x86_64, r-release-macos-arm64, r-release-macos-x86_64, r-release-windows-x86_64, r-oldrel-macos-arm64, r-oldrel-macos-x86_64, r-oldrel-windows-x86_64
Version: 1.0.7
Check: installed package size
Result: NOTE
installed size is 63.9Mb
sub-directories of 1Mb or more:
data 2.7Mb
libs 60.7Mb
Flavors: r-oldrel-macos-arm64, r-oldrel-macos-x86_64