Last updated on 2025-10-22 05:51:00 CEST.
Flavor | Version | Tinstall | Tcheck | Ttotal | Status | Flags |
---|---|---|---|---|---|---|
r-devel-linux-x86_64-debian-clang | 0.2.0 | 1.93 | 28.01 | 29.94 | NOTE | |
r-devel-linux-x86_64-debian-gcc | 0.2.0 | 1.53 | 22.31 | 23.84 | NOTE | |
r-devel-linux-x86_64-fedora-clang | 0.2.0 | 45.81 | OK | |||
r-devel-linux-x86_64-fedora-gcc | 0.2.0 | 41.14 | OK | |||
r-devel-windows-x86_64 | 0.2.0 | 4.00 | 46.00 | 50.00 | OK | |
r-patched-linux-x86_64 | 0.2.0 | 2.06 | 25.14 | 27.20 | OK | |
r-release-linux-x86_64 | 0.2.0 | 1.99 | 25.31 | 27.30 | OK | |
r-release-macos-arm64 | 0.2.0 | 1.00 | 18.00 | 19.00 | OK | |
r-release-macos-x86_64 | 0.2.0 | 3.00 | 37.00 | 40.00 | OK | |
r-release-windows-x86_64 | 0.2.0 | 3.00 | 48.00 | 51.00 | OK | |
r-oldrel-macos-arm64 | 0.2.0 | 2.00 | 23.00 | 25.00 | OK | |
r-oldrel-macos-x86_64 | 0.2.0 | 4.00 | 38.00 | 42.00 | OK | |
r-oldrel-windows-x86_64 | 0.2.0 | 3.00 | 55.00 | 58.00 | OK |
Version: 0.2.0
Check: HTML version of manual
Result: NOTE
Found the following HTML validation problems:
plot.bfsl.html:56:1 (plot.bfsl.Rd:14): Warning: missing </ul> before </div>
print.bfsl.html:55:1 (print.bfsl.Rd:14): Warning: missing </ul> before </div>
print.summary.bfsl.html:55:1 (print.summary.bfsl.Rd:14): Warning: missing </ul> before </div>
summary.bfsl.html:51:1 (summary.bfsl.Rd:12): Warning: missing </ul> before </div>
Flavors: r-devel-linux-x86_64-debian-clang, r-devel-linux-x86_64-debian-gcc